Last updated on 2023-03-28 09:53:42 CEST.
Flavor | Version | Tinstall | Tcheck | Ttotal | Status | Flags |
---|---|---|---|---|---|---|
r-devel-linux-x86_64-debian-clang | 1.1.1 | 67.20 | 61.58 | 128.78 | OK | |
r-devel-linux-x86_64-debian-gcc | 1.1.1 | 50.09 | 46.42 | 96.51 | OK | |
r-devel-linux-x86_64-fedora-clang | 1.1.1 | 189.61 | NOTE | |||
r-devel-linux-x86_64-fedora-gcc | 1.1.1 | 176.24 | NOTE | |||
r-devel-windows-x86_64 | 1.1.1 | 152.00 | 125.00 | 277.00 | OK | |
r-patched-linux-x86_64 | 1.1.1 | 50.54 | 58.07 | 108.61 | OK | |
r-release-linux-x86_64 | 1.1.1 | 47.95 | 59.36 | 107.31 | OK | |
r-release-macos-arm64 | 1.1.1 | 44.00 | OK | |||
r-release-macos-x86_64 | 1.1.1 | 63.00 | OK | |||
r-release-windows-x86_64 | 1.1.1 | 133.00 | 119.00 | 252.00 | OK | |
r-oldrel-macos-arm64 | 1.1.1 | 56.00 | OK | |||
r-oldrel-macos-x86_64 | 1.1.1 | 70.00 | OK | |||
r-oldrel-windows-ix86+x86_64 | 1.1.1 | 144.00 | 117.00 | 261.00 | NOTE |
Version: 1.1.1
Check: compiled code
Result: NOTE
File ‘cycleRtools/libs/cycleRtools.so’:
Found no calls to: ‘R_registerRoutines’, ‘R_useDynamicSymbols’
It is good practice to register native routines and to disable symbol
search.
See ‘Writing portable packages’ in the ‘Writing R Extensions’ manual.
Flavors: r-devel-linux-x86_64-fedora-clang, r-devel-linux-x86_64-fedora-gcc
Version: 1.1.1
Check: installed package size
Result: NOTE
installed size is 5.0Mb
sub-directories of 1Mb or more:
libs 2.1Mb
Flavor: r-oldrel-windows-ix86+x86_64