CRAN Package Check Results for Package dPCP

Last updated on 2021-10-27 13:07:56 CEST.

Flavor Version Tinstall Tcheck Ttotal Status Flags
r-devel-linux-x86_64-debian-clang 1.0.4 7.97 77.96 85.93 OK
r-devel-linux-x86_64-debian-gcc 1.0.4 7.44 57.71 65.15 OK
r-devel-linux-x86_64-fedora-clang 1.0.4 119.03 OK
r-devel-linux-x86_64-fedora-gcc 1.0.4 99.40 OK
r-devel-windows-x86_64 1.0.4 17.00 104.00 121.00 OK
r-devel-windows-x86_64-gcc10-UCRT 1.0.4 OK
r-patched-linux-x86_64 1.0.4 9.14 72.86 82.00 OK
r-patched-solaris-x86 1.0.4 135.30 NOTE
r-release-linux-x86_64 1.0.4 8.46 72.60 81.06 OK
r-release-macos-arm64 1.0.4 OK
r-release-macos-x86_64 1.0.4 OK
r-release-windows-ix86+x86_64 1.0.4 15.00 104.00 119.00 OK
r-oldrel-macos-x86_64 1.0.4 OK
r-oldrel-windows-ix86+x86_64 1.0.4 24.00 95.00 119.00 OK

Check Details

Version: 1.0.4
Check: installed package size
Result: NOTE
     installed size is 5.5Mb
     sub-directories of 1Mb or more:
     extdata 4.3Mb
Flavor: r-patched-solaris-x86