CRAN Package Check Results for Package dadjokeapi

Last updated on 2022-07-06 20:53:27 CEST.

Flavor Version Tinstall Tcheck Ttotal Status Flags
r-devel-linux-x86_64-debian-clang 1.0.2 4.77 49.18 53.95 NOTE
r-devel-linux-x86_64-debian-gcc 1.0.2 3.37 36.75 40.12 NOTE
r-devel-linux-x86_64-fedora-clang 1.0.2 73.62 NOTE
r-devel-linux-x86_64-fedora-gcc 1.0.2 71.83 NOTE
r-devel-windows-x86_64 1.0.2 19.00 73.00 92.00 NOTE
r-patched-linux-x86_64 1.0.2 4.68 46.51 51.19 NOTE
r-release-linux-x86_64 1.0.2 3.01 46.85 49.86 NOTE
r-release-macos-arm64 1.0.2 24.00 NOTE
r-release-macos-x86_64 1.0.2 40.00 NOTE
r-release-windows-x86_64 1.0.2 19.00 71.00 90.00 NOTE
r-oldrel-macos-arm64 1.0.2 31.00 NOTE
r-oldrel-macos-x86_64 1.0.2 40.00 NOTE
r-oldrel-windows-ix86+x86_64 1.0.2 13.00 62.00 75.00 NOTE

Check Details

Version: 1.0.2
Check: LazyData
Result: NOTE
     'LazyData' is specified without a 'data' directory
Flavors: r-devel-linux-x86_64-debian-clang, r-devel-linux-x86_64-debian-gcc, r-devel-linux-x86_64-fedora-clang, r-devel-linux-x86_64-fedora-gcc, r-devel-windows-x86_64, r-patched-linux-x86_64, r-release-linux-x86_64, r-release-macos-arm64, r-release-macos-x86_64, r-release-windows-x86_64, r-oldrel-macos-arm64, r-oldrel-macos-x86_64, r-oldrel-windows-ix86+x86_64