CRAN Package Check Results for Package dann

Last updated on 2021-10-17 01:51:00 CEST.

Flavor Version Tinstall Tcheck Ttotal Status Flags
r-devel-linux-x86_64-debian-clang 0.2.2 34.44 164.92 199.36 NOTE
r-devel-linux-x86_64-debian-gcc 0.2.2 26.13 112.22 138.35 NOTE
r-devel-linux-x86_64-fedora-clang 0.2.2 258.31 NOTE
r-devel-linux-x86_64-fedora-gcc 0.2.2 240.36 NOTE
r-devel-windows-x86_64 0.2.2 50.00 146.00 196.00 NOTE
r-devel-windows-x86_64-gcc10-UCRT 0.2.2 NOTE
r-patched-linux-x86_64 0.2.2 31.33 164.20 195.53 NOTE
r-patched-solaris-x86 0.2.2 300.60 NOTE
r-release-linux-x86_64 0.2.2 31.06 162.14 193.20 NOTE
r-release-macos-arm64 0.2.2 NOTE
r-release-macos-x86_64 0.2.2 NOTE
r-release-windows-ix86+x86_64 0.2.2 94.00 316.00 410.00 NOTE
r-oldrel-macos-x86_64 0.2.2 OK
r-oldrel-windows-ix86+x86_64 0.2.2 92.00 309.00 401.00 OK

Check Details

Version: 0.2.2
Check: LazyData
Result: NOTE
     'LazyData' is specified without a 'data' directory
Flavors: r-devel-linux-x86_64-debian-clang, r-devel-linux-x86_64-debian-gcc, r-devel-linux-x86_64-fedora-clang, r-devel-linux-x86_64-fedora-gcc, r-devel-windows-x86_64, r-devel-windows-x86_64-gcc10-UCRT, r-patched-linux-x86_64, r-patched-solaris-x86, r-release-linux-x86_64, r-release-macos-arm64, r-release-macos-x86_64, r-release-windows-ix86+x86_64