CRAN Package Check Results for Package dapr

Last updated on 2023-09-27 21:01:21 CEST.

Flavor Version Tinstall Tcheck Ttotal Status Flags
r-devel-linux-x86_64-debian-clang 0.0.3 2.60 23.12 25.72 NOTE
r-devel-linux-x86_64-debian-gcc 0.0.3 1.83 18.18 20.01 NOTE
r-devel-linux-x86_64-fedora-clang 0.0.3 31.47 NOTE
r-devel-linux-x86_64-fedora-gcc 0.0.3 32.04 NOTE
r-devel-windows-x86_64 0.0.3 4.00 41.00 45.00 NOTE
r-patched-linux-x86_64 0.0.3 2.04 22.67 24.71 NOTE
r-release-linux-x86_64 0.0.3 2.31 22.61 24.92 NOTE
r-release-macos-arm64 0.0.3 17.00 NOTE
r-release-macos-x86_64 0.0.3 19.00 NOTE
r-release-windows-x86_64 0.0.3 6.00 38.00 44.00 NOTE
r-oldrel-macos-arm64 0.0.3 17.00 NOTE
r-oldrel-macos-x86_64 0.0.3 21.00 NOTE
r-oldrel-windows-x86_64 0.0.3 4.00 43.00 47.00 NOTE

Check Details

Version: 0.0.3
Check: LazyData
Result: NOTE
     'LazyData' is specified without a 'data' directory
Flavors: r-devel-linux-x86_64-debian-clang, r-devel-linux-x86_64-debian-gcc, r-devel-linux-x86_64-fedora-clang, r-devel-linux-x86_64-fedora-gcc, r-devel-windows-x86_64, r-patched-linux-x86_64, r-release-linux-x86_64, r-release-macos-arm64, r-release-macos-x86_64, r-release-windows-x86_64, r-oldrel-macos-arm64, r-oldrel-macos-x86_64, r-oldrel-windows-x86_64