Last updated on 2023-02-04 19:58:05 CET.
Flavor | Version | Tinstall | Tcheck | Ttotal | Status | Flags |
---|---|---|---|---|---|---|
r-devel-linux-x86_64-debian-clang | 0.5.0 | 6.44 | 108.18 | 114.62 | OK | |
r-devel-linux-x86_64-debian-gcc | 0.5.0 | 4.84 | 82.78 | 87.62 | OK | |
r-devel-linux-x86_64-fedora-clang | 0.5.0 | 144.83 | NOTE | |||
r-devel-linux-x86_64-fedora-gcc | 0.5.0 | 138.79 | NOTE | |||
r-devel-windows-x86_64 | 0.5.0 | 45.00 | 149.00 | 194.00 | OK | |
r-patched-linux-x86_64 | 0.5.0 | 7.49 | 102.15 | 109.64 | OK | |
r-release-linux-x86_64 | 0.5.0 | 6.73 | 102.63 | 109.36 | OK | |
r-release-macos-arm64 | 0.5.0 | 51.00 | NOTE | |||
r-release-macos-x86_64 | 0.5.0 | 66.00 | NOTE | |||
r-release-windows-x86_64 | 0.5.0 | 38.00 | 160.00 | 198.00 | OK | |
r-oldrel-macos-arm64 | 0.5.0 | 50.00 | NOTE | |||
r-oldrel-macos-x86_64 | 0.5.0 | 69.00 | NOTE | |||
r-oldrel-windows-ix86+x86_64 | 0.5.0 | 16.00 | 131.00 | 147.00 | OK |
Version: 0.5.0
Check: data for non-ASCII characters
Result: NOTE
Note: found 54315 marked UTF-8 strings
Flavors: r-devel-linux-x86_64-fedora-clang, r-devel-linux-x86_64-fedora-gcc, r-release-macos-arm64, r-release-macos-x86_64, r-oldrel-macos-arm64, r-oldrel-macos-x86_64