CRAN Package Check Results for Package dbhydroR

Last updated on 2023-10-01 21:03:00 CEST.

Flavor Version Tinstall Tcheck Ttotal Status Flags
r-devel-linux-x86_64-debian-clang 0.2-8 5.91 49.29 55.20 NOTE
r-devel-linux-x86_64-debian-gcc 0.2-8 4.99 41.20 46.19 NOTE
r-devel-linux-x86_64-fedora-clang 0.2-8 71.44 NOTE
r-devel-linux-x86_64-fedora-gcc 0.2-8 86.02 NOTE
r-devel-windows-x86_64 0.2-8 7.00 69.00 76.00 NOTE
r-patched-linux-x86_64 0.2-8 4.75 51.56 56.31 NOTE
r-release-linux-x86_64 0.2-8 5.42 51.98 57.40 NOTE
r-release-macos-arm64 0.2-8 32.00 NOTE
r-release-macos-x86_64 0.2-8 48.00 NOTE
r-release-windows-x86_64 0.2-8 8.00 65.00 73.00 NOTE
r-oldrel-macos-arm64 0.2-8 23.00 NOTE
r-oldrel-macos-x86_64 0.2-8 32.00 NOTE
r-oldrel-windows-x86_64 0.2-8 9.00 70.00 79.00 NOTE

Check Details

Version: 0.2-8
Check: LazyData
Result: NOTE
     'LazyData' is specified without a 'data' directory
Flavors: r-devel-linux-x86_64-debian-clang, r-devel-linux-x86_64-debian-gcc, r-devel-linux-x86_64-fedora-clang, r-devel-linux-x86_64-fedora-gcc, r-devel-windows-x86_64, r-patched-linux-x86_64, r-release-linux-x86_64, r-release-macos-arm64, r-release-macos-x86_64, r-release-windows-x86_64, r-oldrel-macos-arm64, r-oldrel-macos-x86_64, r-oldrel-windows-x86_64