CRAN Package Check Results for Package dbx

Last updated on 2021-11-29 15:51:09 CET.

Flavor Version Tinstall Tcheck Ttotal Status Flags
r-devel-linux-x86_64-debian-clang 0.2.8 2.74 28.24 30.98 NOTE
r-devel-linux-x86_64-debian-gcc 0.2.8 2.08 22.47 24.55 NOTE
r-devel-linux-x86_64-fedora-clang 0.2.8 49.44 NOTE
r-devel-linux-x86_64-fedora-gcc 0.2.8 38.57 NOTE
r-devel-windows-x86_64-new-UL 0.2.8 8.00 65.00 73.00 NOTE
r-devel-windows-x86_64-new-TK 0.2.8 NOTE
r-devel-windows-x86_64-old 0.2.8 5.00 32.00 37.00 NOTE
r-patched-linux-x86_64 0.2.8 2.84 27.45 30.29 NOTE
r-patched-solaris-x86 0.2.8 56.90 NOTE
r-release-linux-x86_64 0.2.8 2.18 27.76 29.94 NOTE
r-release-macos-arm64 0.2.8 NOTE
r-release-macos-x86_64 0.2.8 NOTE
r-release-windows-ix86+x86_64 0.2.8 6.00 39.00 45.00 NOTE
r-oldrel-macos-x86_64 0.2.8 OK
r-oldrel-windows-ix86+x86_64 0.2.8 6.00 36.00 42.00 OK

Check Details

Version: 0.2.8
Check: LazyData
Result: NOTE
     'LazyData' is specified without a 'data' directory
Flavors: r-devel-linux-x86_64-debian-clang, r-devel-linux-x86_64-debian-gcc, r-devel-linux-x86_64-fedora-clang, r-devel-linux-x86_64-fedora-gcc, r-devel-windows-x86_64-new-UL, r-devel-windows-x86_64-new-TK, r-devel-windows-x86_64-old, r-patched-linux-x86_64, r-patched-solaris-x86, r-release-linux-x86_64, r-release-macos-arm64, r-release-macos-x86_64, r-release-windows-ix86+x86_64