Last updated on 2023-03-23 19:50:12 CET.
Flavor | Version | Tinstall | Tcheck | Ttotal | Status | Flags |
---|---|---|---|---|---|---|
r-devel-linux-x86_64-debian-clang | 0.0.2 | 28.62 | 28.84 | 57.46 | NOTE | |
r-devel-linux-x86_64-debian-gcc | 0.0.2 | 25.02 | 22.39 | 47.41 | NOTE | |
r-devel-linux-x86_64-fedora-clang | 0.0.2 | 90.64 | NOTE | |||
r-devel-linux-x86_64-fedora-gcc | 0.0.2 | 77.12 | NOTE | |||
r-devel-windows-x86_64 | 0.0.2 | 32.00 | 77.00 | 109.00 | NOTE | |
r-patched-linux-x86_64 | 0.0.2 | 22.88 | 28.30 | 51.18 | OK | |
r-release-linux-x86_64 | 0.0.2 | 25.02 | 28.55 | 53.57 | OK | |
r-release-macos-arm64 | 0.0.2 | 27.00 | OK | |||
r-release-macos-x86_64 | 0.0.2 | 34.00 | OK | |||
r-release-windows-x86_64 | 0.0.2 | 34.00 | 99.00 | 133.00 | OK | |
r-oldrel-macos-arm64 | 0.0.2 | 27.00 | OK | |||
r-oldrel-macos-x86_64 | 0.0.2 | 33.00 | OK | |||
r-oldrel-windows-ix86+x86_64 | 0.0.2 | 83.00 | 80.00 | 163.00 | OK |
Version: 0.0.2
Check: C++ specification
Result: NOTE
Specified C++11: please drop specification unless essential
Flavors: r-devel-linux-x86_64-debian-clang, r-devel-linux-x86_64-debian-gcc, r-devel-linux-x86_64-fedora-clang, r-devel-linux-x86_64-fedora-gcc, r-devel-windows-x86_64