Last updated on 2023-10-02 05:06:35 CEST.
Flavor | Version | Tinstall | Tcheck | Ttotal | Status | Flags |
---|---|---|---|---|---|---|
r-devel-linux-x86_64-debian-clang | 0.1.6 | 63.98 | 52.83 | 116.81 | NOTE | |
r-devel-linux-x86_64-debian-gcc | 0.1.6 | 48.01 | 43.51 | 91.52 | NOTE | |
r-devel-linux-x86_64-fedora-clang | 0.1.6 | 179.48 | NOTE | |||
r-devel-linux-x86_64-fedora-gcc | 0.1.6 | 179.39 | NOTE | |||
r-devel-windows-x86_64 | 0.1.6 | 54.00 | 84.00 | 138.00 | NOTE | |
r-patched-linux-x86_64 | 0.1.6 | 47.67 | 56.32 | 103.99 | NOTE | |
r-release-linux-x86_64 | 0.1.6 | 53.59 | 56.90 | 110.49 | NOTE | |
r-release-macos-arm64 | 0.1.6 | 43.00 | NOTE | |||
r-release-macos-x86_64 | 0.1.6 | 75.00 | NOTE | |||
r-release-windows-x86_64 | 0.1.6 | 73.00 | 93.00 | 166.00 | NOTE | |
r-oldrel-macos-arm64 | 0.1.6 | 44.00 | OK | |||
r-oldrel-macos-x86_64 | 0.1.6 | 63.00 | OK | |||
r-oldrel-windows-x86_64 | 0.1.6 | 70.00 | 90.00 | 160.00 | OK |
Version: 0.1.6
Check: C++ specification
Result: NOTE
Specified C++11: please drop specification unless essential
Flavors: r-devel-linux-x86_64-debian-clang, r-devel-linux-x86_64-debian-gcc, r-devel-linux-x86_64-fedora-clang, r-devel-linux-x86_64-fedora-gcc, r-devel-windows-x86_64, r-patched-linux-x86_64, r-release-linux-x86_64, r-release-macos-arm64, r-release-macos-x86_64, r-release-windows-x86_64