Last updated on 2023-03-23 07:54:24 CET.
Flavor | Version | Tinstall | Tcheck | Ttotal | Status | Flags |
---|---|---|---|---|---|---|
r-devel-linux-x86_64-debian-clang | 0.9.2 | 61.39 | 27.76 | 89.15 | NOTE | |
r-devel-linux-x86_64-debian-gcc | 0.9.2 | 44.03 | 22.40 | 66.43 | NOTE | |
r-devel-linux-x86_64-fedora-clang | 0.9.2 | 132.97 | NOTE | |||
r-devel-linux-x86_64-fedora-gcc | 0.9.2 | 112.93 | NOTE | |||
r-devel-windows-x86_64 | 0.9.2 | 50.00 | 77.00 | 127.00 | NOTE | |
r-patched-linux-x86_64 | 0.9.2 | 46.43 | 29.23 | 75.66 | OK | |
r-release-linux-x86_64 | 0.9.2 | 45.01 | 28.92 | 73.93 | OK | |
r-release-macos-arm64 | 0.9.2 | 34.00 | OK | |||
r-release-macos-x86_64 | 0.9.2 | 49.00 | OK | |||
r-release-windows-x86_64 | 0.9.2 | 53.00 | 108.00 | 161.00 | OK | |
r-oldrel-macos-arm64 | 0.9.2 | 40.00 | OK | |||
r-oldrel-macos-x86_64 | 0.9.2 | 63.00 | OK | |||
r-oldrel-windows-ix86+x86_64 | 0.9.2 | 147.00 | 84.00 | 231.00 | OK |
Version: 0.9.2
Check: C++ specification
Result: NOTE
Specified C++11: please drop specification unless essential
Flavors: r-devel-linux-x86_64-debian-clang, r-devel-linux-x86_64-debian-gcc, r-devel-linux-x86_64-fedora-clang, r-devel-linux-x86_64-fedora-gcc, r-devel-windows-x86_64