CRAN Package Check Results for Package ddalpha

Last updated on 2021-11-29 15:51:09 CET.

Flavor Version Tinstall Tcheck Ttotal Status Flags
r-devel-linux-x86_64-debian-clang 1.3.11 171.99 123.17 295.16 OK
r-devel-linux-x86_64-debian-gcc 1.3.11 115.92 92.69 208.61 OK
r-devel-linux-x86_64-fedora-clang 1.3.11 442.53 NOTE
r-devel-linux-x86_64-fedora-gcc 1.3.11 380.26 OK
r-devel-windows-x86_64-new-UL 1.3.11 249.00 212.00 461.00 OK
r-devel-windows-x86_64-new-TK 1.3.11 OK
r-devel-windows-x86_64-old 1.3.11 224.00 132.00 356.00 OK
r-patched-linux-x86_64 1.3.11 140.34 119.32 259.66 OK
r-patched-solaris-x86 1.3.11 404.20 OK
r-release-linux-x86_64 1.3.11 142.43 118.20 260.63 OK
r-release-macos-arm64 1.3.11 NOTE
r-release-macos-x86_64 1.3.11 OK
r-release-windows-ix86+x86_64 1.3.11 442.00 181.00 623.00 OK
r-oldrel-macos-x86_64 1.3.11 OK
r-oldrel-windows-ix86+x86_64 1.3.11 330.00 200.00 530.00 OK

Check Details

Version: 1.3.11
Check: Rd cross-references
Result: NOTE
    Undeclared package ‘fda.usc’ in Rd xrefs
Flavor: r-devel-linux-x86_64-fedora-clang

Version: 1.3.11
Check: installed package size
Result: NOTE
     installed size is 5.4Mb
     sub-directories of 1Mb or more:
     libs 4.1Mb
Flavor: r-release-macos-arm64