CRAN Package Check Results for Package ddsPLS

Last updated on 2024-03-03 04:12:17 CET.

Flavor Version Tinstall Tcheck Ttotal Status Flags
r-devel-linux-x86_64-debian-clang 1.2.1 48.97 86.99 135.96 OK
r-devel-linux-x86_64-debian-gcc 1.2.1 52.68 68.12 120.80 OK
r-devel-linux-x86_64-fedora-clang 1.2.1 179.10 OK
r-devel-linux-x86_64-fedora-gcc 1.2.1 198.96 OK
r-devel-windows-x86_64 1.2.1 44.00 103.00 147.00 OK
r-patched-linux-x86_64 1.2.1 52.70 90.09 142.79 OK
r-release-linux-x86_64 1.2.1 66.36 89.53 155.89 OK
r-release-macos-arm64 1.2.1 65.00 NOTE
r-release-macos-x86_64 1.2.1 121.00 NOTE
r-release-windows-x86_64 1.2.1 57.00 133.00 190.00 OK
r-oldrel-macos-arm64 1.2.1 62.00 NOTE
r-oldrel-windows-x86_64 1.2.1 53.00 129.00 182.00 OK

Check Details

Version: 1.2.1
Check: installed package size
Result: NOTE installed size is 10.4Mb sub-directories of 1Mb or more: libs 9.7Mb Flavors: r-release-macos-arm64, r-release-macos-x86_64, r-oldrel-macos-arm64