CRAN Package Check Results for Package debugme

Last updated on 2021-11-30 11:51:54 CET.

Flavor Version Tinstall Tcheck Ttotal Status Flags
r-devel-linux-x86_64-debian-clang 1.1.0 1.99 22.67 24.66 NOTE
r-devel-linux-x86_64-debian-gcc 1.1.0 1.61 18.51 20.12 NOTE
r-devel-linux-x86_64-fedora-clang 1.1.0 42.31 NOTE
r-devel-linux-x86_64-fedora-gcc 1.1.0 31.15 NOTE
r-devel-windows-x86_64-new-UL 1.1.0 7.00 57.00 64.00 NOTE
r-devel-windows-x86_64-new-TK 1.1.0 NOTE
r-devel-windows-x86_64-old 1.1.0 5.00 33.00 38.00 NOTE
r-patched-linux-x86_64 1.1.0 1.94 22.30 24.24 NOTE
r-patched-solaris-x86 1.1.0 48.20 NOTE
r-release-linux-x86_64 1.1.0 2.03 22.34 24.37 NOTE
r-release-macos-arm64 1.1.0 NOTE
r-release-macos-x86_64 1.1.0 NOTE
r-release-windows-ix86+x86_64 1.1.0 5.00 33.00 38.00 NOTE
r-oldrel-macos-x86_64 1.1.0 OK
r-oldrel-windows-ix86+x86_64 1.1.0 5.00 35.00 40.00 OK

Check Details

Version: 1.1.0
Check: LazyData
Result: NOTE
     'LazyData' is specified without a 'data' directory
Flavors: r-devel-linux-x86_64-debian-clang, r-devel-linux-x86_64-debian-gcc, r-devel-linux-x86_64-fedora-clang, r-devel-linux-x86_64-fedora-gcc, r-devel-windows-x86_64-new-UL, r-devel-windows-x86_64-new-TK, r-devel-windows-x86_64-old, r-patched-linux-x86_64, r-patched-solaris-x86, r-release-linux-x86_64, r-release-macos-arm64, r-release-macos-x86_64, r-release-windows-ix86+x86_64