CRAN Package Check Results for Package deducorrect

Last updated on 2021-09-21 04:55:01 CEST.

Flavor Version Tinstall Tcheck Ttotal Status Flags
r-devel-linux-x86_64-debian-clang 1.3.7 4.35 47.74 52.09 OK
r-devel-linux-x86_64-debian-gcc 1.3.7 3.42 36.56 39.98 OK
r-devel-linux-x86_64-fedora-clang 1.3.7 72.66 OK
r-devel-linux-x86_64-fedora-gcc 1.3.7 61.44 OK
r-devel-windows-x86_64 1.3.7 5.00 47.00 52.00 OK
r-devel-windows-x86_64-gcc10-UCRT 1.3.7 ERROR
r-patched-linux-x86_64 1.3.7 3.25 46.54 49.79 OK
r-patched-solaris-x86 1.3.7 75.60 OK
r-release-linux-x86_64 1.3.7 3.92 46.81 50.73 OK
r-release-macos-arm64 1.3.7 OK
r-release-macos-x86_64 1.3.7 OK
r-release-windows-ix86+x86_64 1.3.7 8.00 47.00 55.00 OK
r-oldrel-macos-x86_64 1.3.7 OK
r-oldrel-windows-ix86+x86_64 1.3.7 8.00 47.00 55.00 OK

Check Details

Version: 1.3.7
Check: whether package can be installed
Result: WARN
    Found the following significant warnings:
     WARNING: installation-time patches will not be applied, could not get the patches index
Flavor: r-devel-windows-x86_64-gcc10-UCRT

Version: 1.3.7
Check: PDF version of manual
Result: WARN
    LaTeX errors when creating PDF version.
    This typically indicates Rd problems.
Flavor: r-devel-windows-x86_64-gcc10-UCRT

Version: 1.3.7
Check: PDF version of manual without hyperrefs or index
Result: ERROR
    Re-running with no redirection of stdout/stderr.
Flavor: r-devel-windows-x86_64-gcc10-UCRT