CRAN Package Check Results for Package deep

Last updated on 2023-10-03 17:05:52 CEST.

Flavor Version Tinstall Tcheck Ttotal Status Flags
r-devel-linux-x86_64-debian-clang 0.1.0 3.33 26.24 29.57 NOTE
r-devel-linux-x86_64-debian-gcc 0.1.0 1.99 20.94 22.93 NOTE
r-devel-linux-x86_64-fedora-clang 0.1.0 35.77 NOTE
r-devel-linux-x86_64-fedora-gcc 0.1.0 35.73 NOTE
r-devel-windows-x86_64 0.1.0 4.00 48.00 52.00 NOTE
r-patched-linux-x86_64 0.1.0 3.27 25.92 29.19 NOTE
r-release-linux-x86_64 0.1.0 3.10 25.91 29.01 NOTE
r-release-macos-arm64 0.1.0 17.00 NOTE
r-release-macos-x86_64 0.1.0 25.00 NOTE
r-release-windows-x86_64 0.1.0 3.00 55.00 58.00 NOTE
r-oldrel-macos-arm64 0.1.0 18.00 NOTE
r-oldrel-macos-x86_64 0.1.0 24.00 NOTE
r-oldrel-windows-x86_64 0.1.0 9.00 54.00 63.00 NOTE

Check Details

Version: 0.1.0
Check: LazyData
Result: NOTE
     'LazyData' is specified without a 'data' directory
Flavors: r-devel-linux-x86_64-debian-clang, r-devel-linux-x86_64-debian-gcc, r-devel-linux-x86_64-fedora-clang, r-devel-linux-x86_64-fedora-gcc, r-devel-windows-x86_64, r-patched-linux-x86_64, r-release-linux-x86_64, r-release-macos-arm64, r-release-macos-x86_64, r-release-windows-x86_64, r-oldrel-macos-arm64, r-oldrel-macos-x86_64, r-oldrel-windows-x86_64