CRAN Package Check Results for Package deflateBR

Last updated on 2024-06-23 08:51:06 CEST.

Flavor Version Tinstall Tcheck Ttotal Status Flags
r-devel-linux-x86_64-debian-clang 1.1.2 3.29 32.14 35.43 NOTE
r-devel-linux-x86_64-debian-gcc 1.1.2 2.60 24.95 27.55 NOTE
r-devel-linux-x86_64-fedora-clang 1.1.2 44.36 NOTE
r-devel-linux-x86_64-fedora-gcc 1.1.2 46.17 NOTE
r-devel-windows-x86_64 1.1.2 4.00 45.00 49.00 NOTE
r-patched-linux-x86_64 1.1.2 3.34 32.11 35.45 NOTE
r-release-linux-x86_64 1.1.2 3.27 31.61 34.88 NOTE
r-release-macos-arm64 1.1.2 19.00 NOTE
r-release-macos-x86_64 1.1.2 27.00 NOTE
r-release-windows-x86_64 1.1.2 4.00 46.00 50.00 NOTE
r-oldrel-macos-arm64 1.1.2 18.00 NOTE
r-oldrel-macos-x86_64 1.1.2 24.00 NOTE
r-oldrel-windows-x86_64 1.1.2 4.00 49.00 53.00 NOTE

Check Details

Version: 1.1.2
Check: LazyData
Result: NOTE 'LazyData' is specified without a 'data' directory Flavors: r-devel-linux-x86_64-debian-clang, r-devel-linux-x86_64-debian-gcc, r-devel-linux-x86_64-fedora-clang, r-devel-linux-x86_64-fedora-gcc, r-devel-windows-x86_64, r-patched-linux-x86_64, r-release-linux-x86_64, r-release-macos-arm64, r-release-macos-x86_64, r-release-windows-x86_64, r-oldrel-macos-arm64, r-oldrel-macos-x86_64, r-oldrel-windows-x86_64