Last updated on 2023-03-28 12:54:38 CEST.
Flavor | Version | Tinstall | Tcheck | Ttotal | Status | Flags |
---|---|---|---|---|---|---|
r-devel-linux-x86_64-debian-clang | 0.3.0 | 55.82 | 81.98 | 137.80 | NOTE | |
r-devel-linux-x86_64-debian-gcc | 0.3.0 | 41.95 | 60.81 | 102.76 | NOTE | |
r-devel-linux-x86_64-fedora-clang | 0.3.0 | 183.62 | NOTE | |||
r-devel-linux-x86_64-fedora-gcc | 0.3.0 | 167.24 | NOTE | |||
r-patched-linux-x86_64 | 0.3.0 | 44.42 | 76.37 | 120.79 | NOTE | |
r-release-linux-x86_64 | 0.3.0 | 45.60 | 79.17 | 124.77 | NOTE | |
r-release-macos-arm64 | 0.3.0 | 50.00 | NOTE | |||
r-release-macos-x86_64 | 0.3.0 | 89.00 | NOTE | |||
r-release-windows-x86_64 | 0.3.0 | 55.00 | 132.00 | 187.00 | NOTE | |
r-oldrel-macos-arm64 | 0.3.0 | 63.00 | NOTE | |||
r-oldrel-macos-x86_64 | 0.3.0 | 89.00 | NOTE | |||
r-oldrel-windows-ix86+x86_64 | 0.3.0 | 126.00 | 141.00 | 267.00 | NOTE |
Version: 0.3.0
Check: LazyData
Result: NOTE
'LazyData' is specified without a 'data' directory
Flavors: r-devel-linux-x86_64-debian-clang, r-devel-linux-x86_64-debian-gcc, r-devel-linux-x86_64-fedora-clang, r-devel-linux-x86_64-fedora-gcc, r-patched-linux-x86_64, r-release-linux-x86_64, r-release-macos-arm64, r-release-macos-x86_64, r-release-windows-x86_64, r-oldrel-macos-arm64, r-oldrel-macos-x86_64, r-oldrel-windows-ix86+x86_64
Version: 0.3.0
Check: installed package size
Result: NOTE
installed size is 5.1Mb
sub-directories of 1Mb or more:
libs 4.9Mb
Flavor: r-oldrel-macos-arm64