CRAN Package Check Results for Package dendextend

Last updated on 2021-09-21 12:53:18 CEST.

Flavor Version Tinstall Tcheck Ttotal Status Flags
r-devel-linux-x86_64-debian-clang 1.15.1 13.67 243.91 257.58 OK
r-devel-linux-x86_64-debian-gcc 1.15.1 11.45 195.69 207.14 OK
r-devel-linux-x86_64-fedora-clang 1.15.1 334.12 NOTE
r-devel-linux-x86_64-fedora-gcc 1.15.1 316.98 OK
r-devel-windows-x86_64 1.15.1 16.00 232.00 248.00 NOTE
r-devel-windows-x86_64-gcc10-UCRT 1.15.1 ERROR
r-patched-linux-x86_64 1.15.1 15.51 255.07 270.58 OK
r-patched-solaris-x86 1.15.1 460.30 NOTE
r-release-linux-x86_64 1.15.1 13.38 251.53 264.91 OK
r-release-macos-arm64 1.15.1 NOTE
r-release-macos-x86_64 1.15.1 NOTE
r-release-windows-ix86+x86_64 1.15.1 26.00 234.00 260.00 NOTE
r-oldrel-macos-x86_64 1.15.1 NOTE
r-oldrel-windows-ix86+x86_64 1.15.1 26.00 330.00 356.00 NOTE

Check Details

Version: 1.15.1
Check: installed package size
Result: NOTE
     installed size is 5.4Mb
     sub-directories of 1Mb or more:
     doc 4.2Mb
Flavors: r-devel-linux-x86_64-fedora-clang, r-devel-windows-x86_64, r-patched-solaris-x86, r-release-macos-arm64, r-release-macos-x86_64, r-release-windows-ix86+x86_64, r-oldrel-macos-x86_64, r-oldrel-windows-ix86+x86_64

Version: 1.15.1
Check: Rd cross-references
Result: NOTE
    Undeclared packages ‘WGCNA’, ‘moduleColor’, ‘distory’, ‘phangorn’, ‘zoo’ in Rd xrefs
Flavor: r-devel-linux-x86_64-fedora-clang

Version: 1.15.1
Check: whether package can be installed
Result: WARN
    Found the following significant warnings:
     WARNING: installation-time patches will not be applied, could not get the patches index
Flavor: r-devel-windows-x86_64-gcc10-UCRT

Version: 1.15.1
Check: PDF version of manual
Result: WARN
    LaTeX errors when creating PDF version.
    This typically indicates Rd problems.
Flavor: r-devel-windows-x86_64-gcc10-UCRT

Version: 1.15.1
Check: PDF version of manual without hyperrefs or index
Result: ERROR
    Re-running with no redirection of stdout/stderr.
Flavor: r-devel-windows-x86_64-gcc10-UCRT

Version: 1.15.1
Check: Rd cross-references
Result: NOTE
    Package unavailable to check Rd xrefs: ‘WGCNA’
Flavors: r-release-macos-arm64, r-release-macos-x86_64