Last updated on 2023-03-29 16:50:12 CEST.
Flavor | Version | Tinstall | Tcheck | Ttotal | Status | Flags |
---|---|---|---|---|---|---|
r-devel-linux-x86_64-debian-clang | 1.0-2.1 | 174.93 | 116.75 | 291.68 | NOTE | |
r-devel-linux-x86_64-debian-gcc | 1.0-2.1 | 151.27 | 94.69 | 245.96 | NOTE | |
r-devel-linux-x86_64-fedora-clang | 1.0-2.1 | 401.71 | NOTE | |||
r-devel-linux-x86_64-fedora-gcc | 1.0-2.1 | 415.94 | NOTE | |||
r-devel-windows-x86_64 | 1.0-2.1 | 175.00 | 0.00 | 175.00 | NOTE | |
r-patched-linux-x86_64 | 1.0-2.1 | 161.10 | 121.57 | 282.67 | NOTE | |
r-release-linux-x86_64 | 1.0-2.1 | 145.15 | 122.21 | 267.36 | OK | |
r-release-macos-arm64 | 1.0-2.1 | 105.00 | NOTE | |||
r-release-macos-x86_64 | 1.0-2.1 | 176.00 | NOTE | |||
r-release-windows-x86_64 | 1.0-2.1 | 137.00 | 192.00 | 329.00 | OK | |
r-oldrel-macos-arm64 | 1.0-2.1 | 106.00 | NOTE | |||
r-oldrel-macos-x86_64 | 1.0-2.1 | 135.00 | NOTE | |||
r-oldrel-windows-ix86+x86_64 | 1.0-2.1 | 421.00 | 215.00 | 636.00 | NOTE |
Version: 1.0-2.1
Check: C++ specification
Result: NOTE
Specified C++14: please drop specification unless essential
Flavors: r-devel-linux-x86_64-debian-clang, r-devel-linux-x86_64-debian-gcc, r-devel-linux-x86_64-fedora-clang, r-devel-linux-x86_64-fedora-gcc, r-devel-windows-x86_64, r-patched-linux-x86_64
Version: 1.0-2.1
Check: dependencies in R code
Result: NOTE
Namespaces in Imports field not imported from:
‘methods’ ‘rstantools’
All declared Imports should be used.
Flavors: r-devel-linux-x86_64-fedora-clang, r-devel-linux-x86_64-fedora-gcc, r-release-macos-arm64, r-release-macos-x86_64, r-oldrel-macos-arm64, r-oldrel-macos-x86_64
Version: 1.0-2.1
Check: installed package size
Result: NOTE
installed size is 37.0Mb
sub-directories of 1Mb or more:
doc 1.9Mb
libs 34.9Mb
Flavors: r-release-macos-arm64, r-release-macos-x86_64, r-oldrel-macos-arm64, r-oldrel-macos-x86_64, r-oldrel-windows-ix86+x86_64