CRAN Package Check Results for Package depmix

Last updated on 2021-09-26 00:48:38 CEST.

Flavor Version Tinstall Tcheck Ttotal Status Flags
r-devel-linux-x86_64-debian-clang 0.9.16 10.01 44.77 54.78 NOTE
r-devel-linux-x86_64-debian-gcc 0.9.16 7.54 33.90 41.44 NOTE
r-devel-linux-x86_64-fedora-clang 0.9.16 75.74 NOTE
r-devel-linux-x86_64-fedora-gcc 0.9.16 63.66 NOTE
r-devel-windows-x86_64 0.9.16 18.00 46.00 64.00 NOTE
r-devel-windows-x86_64-gcc10-UCRT 0.9.16 NOTE
r-patched-linux-x86_64 0.9.16 9.80 42.74 52.54 NOTE
r-patched-solaris-x86 0.9.16 87.70 NOTE
r-release-linux-x86_64 0.9.16 10.03 42.60 52.63 NOTE
r-release-macos-arm64 0.9.16 NOTE
r-release-macos-x86_64 0.9.16 NOTE
r-release-windows-ix86+x86_64 0.9.16 27.00 61.00 88.00 NOTE
r-oldrel-macos-x86_64 0.9.16 NOTE
r-oldrel-windows-ix86+x86_64 0.9.16 21.00 56.00 77.00 NOTE

Check Details

Version: 0.9.16
Check: package dependencies
Result: NOTE
    Package suggested but not available for checking: 'Rdonlp2'
Flavors: r-devel-linux-x86_64-debian-clang, r-devel-linux-x86_64-debian-gcc, r-devel-linux-x86_64-fedora-clang, r-devel-linux-x86_64-fedora-gcc, r-devel-windows-x86_64, r-devel-windows-x86_64-gcc10-UCRT, r-patched-linux-x86_64, r-patched-solaris-x86, r-release-linux-x86_64, r-release-macos-arm64, r-release-macos-x86_64, r-release-windows-ix86+x86_64, r-oldrel-macos-x86_64, r-oldrel-windows-ix86+x86_64