CRAN Package Check Results for Package depmixS4

Last updated on 2021-09-27 16:50:12 CEST.

Flavor Version Tinstall Tcheck Ttotal Status Flags
r-devel-linux-x86_64-debian-clang 1.5-0 9.61 125.91 135.52 NOTE
r-devel-linux-x86_64-debian-gcc 1.5-0 8.51 90.18 98.69 NOTE
r-devel-linux-x86_64-fedora-clang 1.5-0 168.19 NOTE
r-devel-linux-x86_64-fedora-gcc 1.5-0 155.01 NOTE
r-devel-windows-x86_64 1.5-0 15.00 121.00 136.00 NOTE
r-devel-windows-x86_64-gcc10-UCRT 1.5-0 NOTE
r-patched-linux-x86_64 1.5-0 14.68 119.39 134.07 NOTE
r-patched-solaris-x86 1.5-0 207.40 NOTE
r-release-linux-x86_64 1.5-0 10.15 120.98 131.13 NOTE
r-release-macos-arm64 1.5-0 NOTE
r-release-macos-x86_64 1.5-0 NOTE
r-release-windows-ix86+x86_64 1.5-0 24.00 162.00 186.00 NOTE
r-oldrel-macos-x86_64 1.5-0 NOTE
r-oldrel-windows-ix86+x86_64 1.5-0 19.00 153.00 172.00 NOTE

Check Details

Version: 1.5-0
Check: package dependencies
Result: NOTE
    Package suggested but not available for checking: 'Rdonlp2'
Flavors: r-devel-linux-x86_64-debian-clang, r-devel-linux-x86_64-debian-gcc, r-devel-linux-x86_64-fedora-clang, r-devel-linux-x86_64-fedora-gcc, r-devel-windows-x86_64, r-devel-windows-x86_64-gcc10-UCRT, r-patched-linux-x86_64, r-patched-solaris-x86, r-release-linux-x86_64, r-release-macos-arm64, r-release-macos-x86_64, r-release-windows-ix86+x86_64, r-oldrel-macos-x86_64, r-oldrel-windows-ix86+x86_64