CRAN Package Check Results for Package describedata

Last updated on 2021-10-24 20:51:00 CEST.

Flavor Version Tinstall Tcheck Ttotal Status Flags
r-devel-linux-x86_64-debian-clang 0.1.0 5.73 64.88 70.61 NOTE
r-devel-linux-x86_64-debian-gcc 0.1.0 5.24 48.31 53.55 NOTE
r-devel-linux-x86_64-fedora-clang 0.1.0 93.60 NOTE
r-devel-linux-x86_64-fedora-gcc 0.1.0 81.05 NOTE
r-devel-windows-x86_64 0.1.0 10.00 87.00 97.00 NOTE
r-devel-windows-x86_64-gcc10-UCRT 0.1.0 NOTE
r-patched-linux-x86_64 0.1.0 6.41 60.74 67.15 NOTE
r-patched-solaris-x86 0.1.0 115.00 NOTE
r-release-linux-x86_64 0.1.0 6.01 59.64 65.65 NOTE
r-release-macos-arm64 0.1.0 NOTE
r-release-macos-x86_64 0.1.0 NOTE
r-release-windows-ix86+x86_64 0.1.0 12.00 89.00 101.00 NOTE
r-oldrel-macos-x86_64 0.1.0 OK
r-oldrel-windows-ix86+x86_64 0.1.0 15.00 92.00 107.00 OK

Check Details

Version: 0.1.0
Check: LazyData
Result: NOTE
     'LazyData' is specified without a 'data' directory
Flavors: r-devel-linux-x86_64-debian-clang, r-devel-linux-x86_64-debian-gcc, r-devel-linux-x86_64-fedora-clang, r-devel-linux-x86_64-fedora-gcc, r-devel-windows-x86_64, r-devel-windows-x86_64-gcc10-UCRT, r-patched-linux-x86_64, r-patched-solaris-x86, r-release-linux-x86_64, r-release-macos-arm64, r-release-macos-x86_64, r-release-windows-ix86+x86_64