CRAN Package Check Results for Package describer

Last updated on 2024-02-29 00:55:37 CET.

Flavor Version Tinstall Tcheck Ttotal Status Flags
r-devel-linux-x86_64-debian-clang 0.2.0 1.99 22.26 24.25 NOTE
r-devel-linux-x86_64-debian-gcc 0.2.0 1.56 17.31 18.87 NOTE
r-devel-linux-x86_64-fedora-clang 0.2.0 30.14 NOTE
r-devel-linux-x86_64-fedora-gcc 0.2.0 28.43 NOTE
r-devel-windows-x86_64 0.2.0 3.00 40.00 43.00 NOTE
r-patched-linux-x86_64 0.2.0 1.81 22.11 23.92 NOTE
r-release-linux-x86_64 0.2.0 1.50 22.13 23.63 NOTE
r-release-macos-arm64 0.2.0 16.00 NOTE
r-release-macos-x86_64 0.2.0 19.00 NOTE
r-release-windows-x86_64 0.2.0 2.00 40.00 42.00 NOTE
r-oldrel-macos-arm64 0.2.0 16.00 NOTE
r-oldrel-windows-x86_64 0.2.0 4.00 44.00 48.00 NOTE

Check Details

Version: 0.2.0
Check: LazyData
Result: NOTE 'LazyData' is specified without a 'data' directory Flavors: r-devel-linux-x86_64-debian-clang, r-devel-linux-x86_64-debian-gcc, r-devel-linux-x86_64-fedora-clang, r-devel-linux-x86_64-fedora-gcc, r-devel-windows-x86_64, r-patched-linux-x86_64, r-release-linux-x86_64, r-release-macos-arm64, r-release-macos-x86_64, r-release-windows-x86_64, r-oldrel-macos-arm64, r-oldrel-windows-x86_64