Last updated on 2023-10-03 17:05:52 CEST.
Flavor | Version | Tinstall | Tcheck | Ttotal | Status | Flags |
---|---|---|---|---|---|---|
r-devel-linux-x86_64-debian-clang | 0.1.0 | 2.37 | 23.81 | 26.18 | NOTE | |
r-devel-linux-x86_64-debian-gcc | 0.1.0 | 2.14 | 18.50 | 20.64 | NOTE | |
r-devel-linux-x86_64-fedora-clang | 0.1.0 | 32.15 | NOTE | |||
r-devel-linux-x86_64-fedora-gcc | 0.1.0 | 31.49 | NOTE | |||
r-devel-windows-x86_64 | 0.1.0 | 4.00 | 40.00 | 44.00 | NOTE | |
r-patched-linux-x86_64 | 0.1.0 | 2.51 | 23.06 | 25.57 | NOTE | |
r-release-linux-x86_64 | 0.1.0 | 2.28 | 22.99 | 25.27 | NOTE | |
r-release-macos-arm64 | 0.1.0 | 15.00 | NOTE | |||
r-release-macos-x86_64 | 0.1.0 | 19.00 | NOTE | |||
r-release-windows-x86_64 | 0.1.0 | 4.00 | 38.00 | 42.00 | NOTE | |
r-oldrel-macos-arm64 | 0.1.0 | 18.00 | NOTE | |||
r-oldrel-macos-x86_64 | 0.1.0 | 20.00 | NOTE | |||
r-oldrel-windows-x86_64 | 0.1.0 | 4.00 | 42.00 | 46.00 | NOTE |
Version: 0.1.0
Check: LazyData
Result: NOTE
'LazyData' is specified without a 'data' directory
Flavors: r-devel-linux-x86_64-debian-clang, r-devel-linux-x86_64-debian-gcc, r-devel-linux-x86_64-fedora-clang, r-devel-linux-x86_64-fedora-gcc, r-devel-windows-x86_64, r-patched-linux-x86_64, r-release-linux-x86_64, r-release-macos-arm64, r-release-macos-x86_64, r-release-windows-x86_64, r-oldrel-macos-arm64, r-oldrel-macos-x86_64, r-oldrel-windows-x86_64
Version: 0.1.0
Check: dependencies in R code
Result: NOTE
Namespace in Imports field not imported from: ‘datasets’
All declared Imports should be used.
Flavors: r-devel-linux-x86_64-fedora-clang, r-devel-linux-x86_64-fedora-gcc, r-oldrel-macos-x86_64