Last updated on 2023-03-31 08:53:58 CEST.
Flavor | Version | Tinstall | Tcheck | Ttotal | Status | Flags |
---|---|---|---|---|---|---|
r-devel-linux-x86_64-debian-clang | 0.9.6 | 31.11 | 100.90 | 132.01 | NOTE | |
r-devel-linux-x86_64-debian-gcc | 0.9.6 | 26.27 | 75.02 | 101.29 | NOTE | |
r-devel-linux-x86_64-fedora-clang | 0.9.6 | 175.78 | NOTE | |||
r-devel-linux-x86_64-fedora-gcc | 0.9.6 | 171.51 | NOTE | |||
r-devel-windows-x86_64 | 0.9.6 | 85.00 | 165.00 | 250.00 | NOTE | |
r-patched-linux-x86_64 | 0.9.6 | 27.37 | 94.93 | 122.30 | NOTE | |
r-release-linux-x86_64 | 0.9.6 | 26.47 | 91.87 | 118.34 | NOTE | |
r-release-macos-arm64 | 0.9.6 | 50.00 | NOTE | |||
r-release-macos-x86_64 | 0.9.6 | 91.00 | NOTE | |||
r-release-windows-x86_64 | 0.9.6 | 79.00 | 165.00 | 244.00 | NOTE | |
r-oldrel-macos-arm64 | 0.9.6 | 68.00 | NOTE | |||
r-oldrel-macos-x86_64 | 0.9.6 | 94.00 | NOTE | |||
r-oldrel-windows-ix86+x86_64 | 0.9.6 | 78.00 | 168.00 | 246.00 | NOTE |
Version: 0.9.6
Check: LazyData
Result: NOTE
'LazyData' is specified without a 'data' directory
Flavors: r-devel-linux-x86_64-debian-clang, r-devel-linux-x86_64-debian-gcc, r-devel-linux-x86_64-fedora-clang, r-devel-linux-x86_64-fedora-gcc, r-devel-windows-x86_64, r-patched-linux-x86_64, r-release-linux-x86_64, r-release-macos-arm64, r-release-macos-x86_64, r-release-windows-x86_64, r-oldrel-macos-arm64, r-oldrel-macos-x86_64, r-oldrel-windows-ix86+x86_64
Version: 0.9.6
Check: installed package size
Result: NOTE
installed size is 5.1Mb
sub-directories of 1Mb or more:
extdata 2.1Mb
libs 2.2Mb
Flavors: r-release-macos-arm64, r-release-macos-x86_64, r-oldrel-macos-arm64, r-oldrel-macos-x86_64, r-oldrel-windows-ix86+x86_64