Last updated on 2023-09-25 05:01:23 CEST.
Flavor | Version | Tinstall | Tcheck | Ttotal | Status | Flags |
---|---|---|---|---|---|---|
r-devel-linux-x86_64-debian-clang | 0.2.6 | 19.74 | 114.84 | 134.58 | OK | |
r-devel-linux-x86_64-debian-gcc | 0.2.6 | 12.86 | 82.60 | 95.46 | OK | |
r-devel-linux-x86_64-fedora-clang | 0.2.6 | 156.29 | NOTE | |||
r-devel-linux-x86_64-fedora-gcc | 0.2.6 | 188.61 | OK | |||
r-devel-windows-x86_64 | 0.2.6 | 15.00 | 94.00 | 109.00 | OK | |
r-patched-linux-x86_64 | 0.2.6 | 12.15 | 104.71 | 116.86 | OK | |
r-release-linux-x86_64 | 0.2.6 | 11.28 | 106.67 | 117.95 | OK | |
r-release-macos-arm64 | 0.2.6 | 51.00 | OK | |||
r-release-macos-x86_64 | 0.2.6 | 90.00 | NOTE | |||
r-release-windows-x86_64 | 0.2.6 | 21.00 | 108.00 | 129.00 | OK | |
r-oldrel-macos-arm64 | 0.2.6 | 41.00 | OK | |||
r-oldrel-macos-x86_64 | 0.2.6 | 62.00 | OK | |||
r-oldrel-windows-x86_64 | 0.2.6 | 22.00 | 116.00 | 138.00 | OK |
Version: 0.2.6
Check: package dependencies
Result: NOTE
Imports includes 22 non-default packages.
Importing from so many packages makes the package vulnerable to any of
them becoming unavailable. Move as many as possible to Suggests and
use conditionally.
Flavor: r-devel-linux-x86_64-fedora-clang
Version: 0.2.6
Check: package dependencies
Result: NOTE
Packages suggested but not available for checking: 'psych', 'sirt'
Flavor: r-release-macos-x86_64