CRAN Package Check Results for Package dichromat

Last updated on 2022-01-26 08:51:14 CET.

Flavor Version Tinstall Tcheck Ttotal Status Flags
r-devel-linux-x86_64-debian-clang 2.0-0 2.06 30.56 32.62 NOTE
r-devel-linux-x86_64-debian-gcc 2.0-0 1.60 24.21 25.81 NOTE
r-devel-linux-x86_64-fedora-clang 2.0-0 40.14 NOTE
r-devel-linux-x86_64-fedora-gcc 2.0-0 29.47 NOTE
r-devel-windows-x86_64-new-UL 2.0-0 18.00 49.00 67.00 NOTE
r-devel-windows-x86_64-new-TK 2.0-0 NOTE
r-patched-linux-x86_64 2.0-0 2.06 29.05 31.11 NOTE
r-release-linux-x86_64 2.0-0 1.94 29.04 30.98 NOTE
r-release-macos-arm64 2.0-0 NOTE
r-release-macos-x86_64 2.0-0 NOTE
r-release-windows-ix86+x86_64 2.0-0 5.00 30.00 35.00 NOTE
r-oldrel-macos-x86_64 2.0-0 NOTE
r-oldrel-windows-ix86+x86_64 2.0-0 5.00 30.00 35.00 NOTE

Check Details

Version: 2.0-0
Check: R code for possible problems
Result: NOTE
    dichromat: no visible global function definition for 'col2rgb'
    dichromat: no visible global function definition for 'predict'
    dichromat: no visible global function definition for 'rgb'
    Undefined global functions or variables:
     col2rgb predict rgb
    Consider adding
     importFrom("grDevices", "col2rgb", "rgb")
     importFrom("stats", "predict")
    to your NAMESPACE file.
Flavors: r-devel-linux-x86_64-debian-clang, r-devel-linux-x86_64-debian-gcc, r-devel-linux-x86_64-fedora-clang, r-devel-linux-x86_64-fedora-gcc, r-devel-windows-x86_64-new-UL, r-devel-windows-x86_64-new-TK, r-patched-linux-x86_64, r-release-linux-x86_64, r-release-macos-arm64, r-release-macos-x86_64, r-release-windows-ix86+x86_64, r-oldrel-macos-x86_64, r-oldrel-windows-ix86+x86_64