CRAN Package Check Results for Package didimputation

Last updated on 2023-03-31 08:53:58 CEST.

Flavor Version Tinstall Tcheck Ttotal Status Flags
r-devel-linux-x86_64-debian-clang 0.3.0 34.88 65.14 100.02 NOTE
r-devel-linux-x86_64-debian-gcc 0.3.0 34.67 47.39 82.06 NOTE
r-devel-linux-x86_64-fedora-clang 0.3.0 137.65 NOTE
r-devel-linux-x86_64-fedora-gcc 0.3.0 123.03 NOTE
r-devel-windows-x86_64 0.3.0 48.00 0.00 48.00 NOTE
r-patched-linux-x86_64 0.3.0 31.51 58.53 90.04 NOTE
r-release-linux-x86_64 0.3.0 26.41 61.55 87.96 OK
r-release-macos-arm64 0.3.0 44.00 OK
r-release-macos-x86_64 0.3.0 54.00 OK
r-release-windows-x86_64 0.3.0 41.00 118.00 159.00 OK
r-oldrel-macos-arm64 0.3.0 44.00 OK
r-oldrel-macos-x86_64 0.3.0 57.00 OK
r-oldrel-windows-ix86+x86_64 0.3.0 100.00 153.00 253.00 OK

Check Details

Version: 0.3.0
Check: C++ specification
Result: NOTE
     Specified C++11: please drop specification unless essential
Flavors: r-devel-linux-x86_64-debian-clang, r-devel-linux-x86_64-debian-gcc, r-devel-linux-x86_64-fedora-clang, r-devel-linux-x86_64-fedora-gcc, r-devel-windows-x86_64, r-patched-linux-x86_64