Last updated on 2023-12-09 15:52:19 CET.
Flavor | Version | Tinstall | Tcheck | Ttotal | Status | Flags |
---|---|---|---|---|---|---|
r-devel-linux-x86_64-debian-clang | 0.6.33 | 14.77 | 30.52 | 45.29 | OK | |
r-devel-linux-x86_64-debian-gcc | 0.6.33 | 10.14 | 24.22 | 34.36 | OK | |
r-devel-linux-x86_64-fedora-clang | 0.6.33 | 60.18 | OK | |||
r-devel-linux-x86_64-fedora-gcc | 0.6.33 | 70.23 | OK | |||
r-devel-windows-x86_64 | 0.6.33 | 23.00 | 51.00 | 74.00 | WARN | |
r-patched-linux-x86_64 | 0.6.33 | 14.67 | 30.98 | 45.65 | OK | |
r-release-linux-x86_64 | 0.6.33 | 13.64 | 30.51 | 44.15 | OK | |
r-release-macos-arm64 | 0.6.33 | 51.00 | OK | |||
r-release-macos-x86_64 | 0.6.33 | 89.00 | OK | |||
r-release-windows-x86_64 | 0.6.33 | 24.00 | 52.00 | 76.00 | OK | |
r-oldrel-macos-arm64 | 0.6.33 | 43.00 | OK | |||
r-oldrel-macos-x86_64 | 0.6.33 | 56.00 | OK | |||
r-oldrel-windows-x86_64 | 0.6.33 | 24.00 | 53.00 | 77.00 | OK |
Version: 0.6.33
Check: whether package can be installed
Result: WARN
Found the following significant warnings:
digest.c:62:53: warning: conversion lacks type at end of format [-Wformat=]
digest.c:62:15: warning: too many arguments for format [-Wformat-extra-args]
See 'd:/Rcompile/CRANpkg/local/4.4/digest.Rcheck/00install.out' for details.
* used C compiler: 'gcc.exe (GCC) 12.3.0'
* used C++ compiler: 'g++.exe (GCC) 12.3.0'
Flavor: r-devel-windows-x86_64