Last updated on 2023-09-25 05:01:23 CEST.
Flavor | Version | Tinstall | Tcheck | Ttotal | Status | Flags |
---|---|---|---|---|---|---|
r-devel-linux-x86_64-debian-clang | 1.0.1 | 19.84 | 176.36 | 196.20 | OK | |
r-devel-linux-x86_64-debian-gcc | 1.0.1 | 13.98 | 130.89 | 144.87 | OK | |
r-devel-linux-x86_64-fedora-clang | 1.0.1 | 233.31 | NOTE | |||
r-devel-linux-x86_64-fedora-gcc | 1.0.1 | 237.08 | OK | |||
r-devel-windows-x86_64 | 1.0.1 | 17.00 | 130.00 | 147.00 | OK | |
r-patched-linux-x86_64 | 1.0.1 | 20.06 | 174.61 | 194.67 | OK | |
r-release-linux-x86_64 | 1.0.1 | 15.68 | 176.07 | 191.75 | OK | |
r-release-macos-arm64 | 1.0.1 | 77.00 | OK | |||
r-release-macos-x86_64 | 1.0.1 | 129.00 | OK | |||
r-release-windows-x86_64 | 1.0.1 | 23.00 | 165.00 | 188.00 | OK | |
r-oldrel-macos-arm64 | 1.0.1 | 59.00 | OK | |||
r-oldrel-macos-x86_64 | 1.0.1 | 102.00 | OK | |||
r-oldrel-windows-x86_64 | 1.0.1 | 22.00 | 162.00 | 184.00 | OK |
Version: 1.0.1
Check: Rd cross-references
Result: NOTE
Undeclared packages ‘gamlss’, ‘flexsurv’ in Rd xrefs
Flavor: r-devel-linux-x86_64-fedora-clang