CRAN Package Check Results for Package discretefit

Last updated on 2023-03-29 20:54:31 CEST.

Flavor Version Tinstall Tcheck Ttotal Status Flags
r-devel-linux-x86_64-debian-clang 0.1.2 33.37 43.18 76.55 NOTE
r-devel-linux-x86_64-debian-gcc 0.1.2 23.85 33.60 57.45 NOTE
r-devel-linux-x86_64-fedora-clang 0.1.2 114.57 NOTE
r-devel-linux-x86_64-fedora-gcc 0.1.2 108.26 NOTE
r-devel-windows-x86_64 0.1.2 52.00 92.00 144.00 NOTE
r-patched-linux-x86_64 0.1.2 24.38 42.71 67.09 NOTE
r-release-linux-x86_64 0.1.2 26.53 43.08 69.61 OK
r-release-macos-arm64 0.1.2 31.00 OK
r-release-macos-x86_64 0.1.2 41.00 OK
r-release-windows-x86_64 0.1.2 43.00 93.00 136.00 OK
r-oldrel-macos-arm64 0.1.2 30.00 OK
r-oldrel-macos-x86_64 0.1.2 50.00 OK
r-oldrel-windows-ix86+x86_64 0.1.2 84.00 102.00 186.00 OK

Check Details

Version: 0.1.2
Check: C++ specification
Result: NOTE
     Specified C++11: please drop specification unless essential
Flavors: r-devel-linux-x86_64-debian-clang, r-devel-linux-x86_64-debian-gcc, r-devel-linux-x86_64-fedora-clang, r-devel-linux-x86_64-fedora-gcc, r-devel-windows-x86_64, r-patched-linux-x86_64