CRAN Package Check Results for Package disto

Last updated on 2021-10-17 12:52:40 CEST.

Flavor Version Tinstall Tcheck Ttotal Status Flags
r-devel-linux-x86_64-debian-clang 0.2.0 2.81 40.11 42.92 OK
r-devel-linux-x86_64-debian-gcc 0.2.0 2.38 31.22 33.60 OK
r-devel-linux-x86_64-fedora-clang 0.2.0 62.20 NOTE
r-devel-linux-x86_64-fedora-gcc 0.2.0 50.42 NOTE
r-devel-windows-x86_64 0.2.0 8.00 78.00 86.00 OK
r-devel-windows-x86_64-gcc10-UCRT 0.2.0 NOTE
r-patched-linux-x86_64 0.2.0 3.13 38.91 42.04 OK
r-patched-solaris-x86 0.2.0 63.50 NOTE
r-release-linux-x86_64 0.2.0 3.08 38.26 41.34 OK
r-release-macos-arm64 0.2.0 NOTE
r-release-macos-x86_64 0.2.0 NOTE
r-release-windows-ix86+x86_64 0.2.0 8.00 66.00 74.00 OK
r-oldrel-macos-x86_64 0.2.0 NOTE
r-oldrel-windows-ix86+x86_64 0.2.0 10.00 66.00 76.00 OK

Check Details

Version: 0.2.0
Check: dependencies in R code
Result: NOTE
    Namespaces in Imports field not imported from:
     ‘dplyr’ ‘proxy’
     All declared Imports should be used.
Flavors: r-devel-linux-x86_64-fedora-clang, r-devel-linux-x86_64-fedora-gcc, r-devel-windows-x86_64-gcc10-UCRT, r-patched-solaris-x86, r-release-macos-arm64, r-release-macos-x86_64, r-oldrel-macos-x86_64