CRAN Package Check Results for Package distr

Last updated on 2021-12-07 23:54:27 CET.

Flavor Version Tinstall Tcheck Ttotal Status Flags
r-devel-linux-x86_64-debian-clang 2.8.0 34.34 234.32 268.66 OK
r-devel-linux-x86_64-debian-gcc 2.8.0 28.63 172.78 201.41 OK
r-devel-linux-x86_64-fedora-clang 2.8.0 253.85 NOTE
r-devel-linux-x86_64-fedora-gcc 2.8.0 243.54 OK
r-devel-windows-x86_64-new-UL 2.8.0 100.00 314.00 414.00 OK
r-devel-windows-x86_64-new-TK 2.8.0 OK
r-devel-windows-x86_64-old 2.8.0 57.00 307.00 364.00 OK
r-patched-linux-x86_64 2.8.0 37.34 227.58 264.92 OK
r-release-linux-x86_64 2.8.0 33.06 227.18 260.24 OK
r-release-macos-arm64 2.8.0 OK
r-release-macos-x86_64 2.8.0 OK
r-release-windows-ix86+x86_64 2.8.0 44.00 440.00 484.00 OK
r-oldrel-macos-x86_64 2.8.0 OK
r-oldrel-windows-ix86+x86_64 2.8.0 64.00 447.00 511.00 OK

Check Details

Version: 2.8.0
Check: Rd cross-references
Result: NOTE
    Undeclared packages ‘distrMod’, ‘RobAStBase’ in Rd xrefs
Flavor: r-devel-linux-x86_64-fedora-clang