Last updated on 2023-11-29 04:00:55 CET.
Flavor | Version | Tinstall | Tcheck | Ttotal | Status | Flags |
---|---|---|---|---|---|---|
r-devel-linux-x86_64-debian-clang | 2.9.0 | 45.26 | 225.80 | 271.06 | NOTE | |
r-devel-linux-x86_64-debian-gcc | 2.9.0 | 41.62 | 167.51 | 209.13 | NOTE | |
r-devel-linux-x86_64-fedora-clang | 2.9.0 | 363.85 | NOTE | |||
r-devel-linux-x86_64-fedora-gcc | 2.9.0 | 343.34 | NOTE | |||
r-devel-windows-x86_64 | 2.9.0 | 41.00 | 227.00 | 268.00 | NOTE | |
r-patched-linux-x86_64 | 2.9.0 | 48.93 | 213.25 | 262.18 | OK | |
r-release-linux-x86_64 | 2.9.0 | 47.17 | 216.94 | 264.11 | OK | |
r-release-macos-arm64 | 2.9.0 | 106.00 | OK | |||
r-release-macos-x86_64 | 2.9.0 | 183.00 | OK | |||
r-release-windows-x86_64 | 2.9.0 | 56.00 | 263.00 | 319.00 | OK | |
r-oldrel-macos-arm64 | 2.9.0 | 103.00 | OK | |||
r-oldrel-macos-x86_64 | 2.9.0 | 117.00 | OK | |||
r-oldrel-windows-x86_64 | 2.9.0 | 59.00 | 269.00 | 328.00 | OK |
Version: 2.9.0
Check: Rd \usage sections
Result: NOTE
Documented arguments not in \usage in Rd file 'internalmleHelpers.Rd':
‘validity.check’
Objects in \usage without \alias in Rd file 'internals.Rd':
‘.csimpsum’
Functions with \usage entries need to have the appropriate \alias
entries, and all their arguments documented.
The \usage entries must correspond to syntactically valid R code.
See chapter ‘Writing R documentation files’ in the ‘Writing R
Extensions’ manual.
Flavors: r-devel-linux-x86_64-debian-clang, r-devel-linux-x86_64-debian-gcc, r-devel-linux-x86_64-fedora-clang, r-devel-linux-x86_64-fedora-gcc, r-devel-windows-x86_64
Version: 2.9.0
Check: Rd cross-references
Result: NOTE
Undeclared package ‘RobAStBase’ in Rd xrefs
Flavor: r-devel-linux-x86_64-fedora-clang