CRAN Package Check Results for Package distro

Last updated on 2022-01-26 23:50:15 CET.

Flavor Version Tinstall Tcheck Ttotal Status Flags
r-devel-linux-x86_64-debian-clang 0.1.0 1.94 32.08 34.02 NOTE
r-devel-linux-x86_64-debian-gcc 0.1.0 1.53 24.35 25.88 NOTE
r-devel-linux-x86_64-fedora-clang 0.1.0 39.30 NOTE
r-devel-linux-x86_64-fedora-gcc 0.1.0 42.43 NOTE
r-devel-windows-x86_64-new-UL 0.1.0 19.00 44.00 63.00 NOTE
r-devel-windows-x86_64-new-TK 0.1.0 NOTE
r-patched-linux-x86_64 0.1.0 1.73 30.42 32.15 NOTE
r-release-linux-x86_64 0.1.0 1.69 30.15 31.84 NOTE
r-release-macos-arm64 0.1.0 NOTE
r-release-macos-x86_64 0.1.0 NOTE
r-release-windows-ix86+x86_64 0.1.0 4.00 37.00 41.00 NOTE
r-oldrel-macos-x86_64 0.1.0 OK
r-oldrel-windows-ix86+x86_64 0.1.0 4.00 39.00 43.00 OK

Check Details

Version: 0.1.0
Check: LazyData
Result: NOTE
     'LazyData' is specified without a 'data' directory
Flavors: r-devel-linux-x86_64-debian-clang, r-devel-linux-x86_64-debian-gcc, r-devel-linux-x86_64-fedora-clang, r-devel-linux-x86_64-fedora-gcc, r-devel-windows-x86_64-new-UL, r-devel-windows-x86_64-new-TK, r-patched-linux-x86_64, r-release-linux-x86_64, r-release-macos-arm64, r-release-macos-x86_64, r-release-windows-ix86+x86_64