CRAN Package Check Results for Package dittodb

Last updated on 2022-01-23 12:05:07 CET.

Flavor Version Tinstall Tcheck Ttotal Status Flags
r-devel-linux-x86_64-debian-clang 0.1.3 4.94 111.97 116.91 NOTE
r-devel-linux-x86_64-debian-gcc 0.1.3 4.83 94.09 98.92 NOTE
r-devel-linux-x86_64-fedora-clang 0.1.3 140.96 NOTE
r-devel-linux-x86_64-fedora-gcc 0.1.3 129.06 NOTE
r-devel-windows-x86_64-new-UL 0.1.3 77.00 159.00 236.00 NOTE
r-devel-windows-x86_64-new-TK 0.1.3 NOTE
r-patched-linux-x86_64 0.1.3 7.97 112.87 120.84 NOTE
r-release-linux-x86_64 0.1.3 4.30 114.49 118.79 NOTE
r-release-macos-arm64 0.1.3 NOTE
r-release-macos-x86_64 0.1.3 NOTE
r-release-windows-ix86+x86_64 0.1.3 18.00 222.00 240.00 NOTE
r-oldrel-macos-x86_64 0.1.3 OK
r-oldrel-windows-ix86+x86_64 0.1.3 19.00 222.00 241.00 OK

Check Details

Version: 0.1.3
Check: LazyData
Result: NOTE
     'LazyData' is specified without a 'data' directory
Flavors: r-devel-linux-x86_64-debian-clang, r-devel-linux-x86_64-debian-gcc, r-devel-linux-x86_64-fedora-clang, r-devel-linux-x86_64-fedora-gcc, r-devel-windows-x86_64-new-UL, r-devel-windows-x86_64-new-TK, r-patched-linux-x86_64, r-release-linux-x86_64, r-release-macos-arm64, r-release-macos-x86_64, r-release-windows-ix86+x86_64