CRAN Package Check Results for Package diyar

Last updated on 2021-09-23 08:50:55 CEST.

Flavor Version Tinstall Tcheck Ttotal Status Flags
r-devel-linux-x86_64-debian-clang 0.3.1 15.68 133.66 149.34 OK
r-devel-linux-x86_64-debian-gcc 0.3.1 13.13 104.07 117.20 OK
r-devel-linux-x86_64-fedora-clang 0.3.1 195.94 OK
r-devel-linux-x86_64-fedora-gcc 0.3.1 179.68 OK
r-devel-windows-x86_64 0.3.1 16.00 130.00 146.00 OK
r-devel-windows-x86_64-gcc10-UCRT 0.3.1 ERROR
r-patched-linux-x86_64 0.3.1 16.72 132.20 148.92 OK
r-patched-solaris-x86 0.3.1 153.70 OK
r-release-linux-x86_64 0.3.1 14.18 132.47 146.65 OK
r-release-macos-arm64 0.3.1 OK
r-release-macos-x86_64 0.3.1 OK
r-release-windows-ix86+x86_64 0.3.1 27.00 133.00 160.00 OK
r-oldrel-macos-x86_64 0.3.1 OK
r-oldrel-windows-ix86+x86_64 0.3.1 24.00 121.00 145.00 OK

Check Details

Version: 0.3.1
Check: PDF version of manual
Result: WARN
    LaTeX errors when creating PDF version.
    This typically indicates Rd problems.
Flavor: r-devel-windows-x86_64-gcc10-UCRT

Version: 0.3.1
Check: PDF version of manual without hyperrefs or index
Result: ERROR
    Re-running with no redirection of stdout/stderr.
Flavor: r-devel-windows-x86_64-gcc10-UCRT