CRAN Package Check Results for Package dkDNA

Last updated on 2023-10-03 17:05:52 CEST.

Flavor Version Tinstall Tcheck Ttotal Status Flags
r-devel-linux-x86_64-debian-clang 0.1.1 2.82 21.50 24.32 OK
r-devel-linux-x86_64-debian-gcc 0.1.1 2.17 17.09 19.26 OK
r-devel-linux-x86_64-fedora-clang 0.1.1 31.08 NOTE
r-devel-linux-x86_64-fedora-gcc 0.1.1 29.82 NOTE
r-devel-windows-x86_64 0.1.1 5.00 38.00 43.00 OK
r-patched-linux-x86_64 0.1.1 2.69 21.13 23.82 OK
r-release-linux-x86_64 0.1.1 2.53 21.23 23.76 OK
r-release-macos-arm64 0.1.1 16.00 OK
r-release-macos-x86_64 0.1.1 19.00 OK
r-release-windows-x86_64 0.1.1 7.00 46.00 53.00 OK
r-oldrel-macos-arm64 0.1.1 17.00 OK
r-oldrel-macos-x86_64 0.1.1 22.00 OK
r-oldrel-windows-x86_64 0.1.1 7.00 49.00 56.00 OK

Check Details

Version: 0.1.1
Check: compiled code
Result: NOTE
    File ‘dkDNA/libs/dkDNA.so’:
     Found no calls to: ‘R_registerRoutines’, ‘R_useDynamicSymbols’
    
    It is good practice to register native routines and to disable symbol
    search.
    
    See ‘Writing portable packages’ in the ‘Writing R Extensions’ manual.
Flavors: r-devel-linux-x86_64-fedora-clang, r-devel-linux-x86_64-fedora-gcc