CRAN Package Check Results for Package dlookr

Last updated on 2021-10-25 04:54:07 CEST.

Flavor Version Tinstall Tcheck Ttotal Status Flags
r-devel-linux-x86_64-debian-clang 0.5.1 25.87 369.87 395.74 OK
r-devel-linux-x86_64-debian-gcc 0.5.1 20.08 273.59 293.67 OK
r-devel-linux-x86_64-fedora-clang 0.5.1 459.24 OK
r-devel-linux-x86_64-fedora-gcc 0.5.1 453.14 OK
r-devel-windows-x86_64 0.5.1 40.00 468.00 508.00 OK
r-devel-windows-x86_64-gcc10-UCRT 0.5.1 OK
r-patched-linux-x86_64 0.5.1 32.70 368.26 400.96 OK
r-patched-solaris-x86 0.5.1 479.60 OK
r-release-linux-x86_64 0.5.1 23.32 366.14 389.46 OK
r-release-macos-arm64 0.5.1 WARN
r-release-macos-x86_64 0.5.1 OK
r-release-windows-ix86+x86_64 0.5.1 33.00 476.00 509.00 OK
r-oldrel-macos-x86_64 0.5.1 OK
r-oldrel-windows-ix86+x86_64 0.5.1 53.00 495.00 548.00 OK

Additional issues

M1mac

Check Details

Version: 0.5.1
Check: dependencies in R code
Result: NOTE
    sh: line 1: 9580 Segmentation fault: 11 '/Volumes/Builds/packages/big-sur-arm64/Rlib/4.1/Rttf2pt1/exec//ttf2pt1' -a -GfAe '/System/Library/Fonts/Supplemental/Arial Narrow Bold Italic.ttf' '/Volumes/Temp/tmp/RtmpZVyEDb/fonts/Arial Narrow Bold Italic' 2>&1
    sh: line 1: 9585 Segmentation fault: 11 '/Volumes/Builds/packages/big-sur-arm64/Rlib/4.1/Rttf2pt1/exec//ttf2pt1' -a -GfAe '/System/Library/Fonts/Supplemental/Arial Narrow Bold.ttf' '/Volumes/Temp/tmp/RtmpZVyEDb/fonts/Arial Narrow Bold' 2>&1
    sh: line 1: 9594 Segmentation fault: 11 '/Volumes/Builds/packages/big-sur-arm64/Rlib/4.1/Rttf2pt1/exec//ttf2pt1' -a -GfAe '/System/Library/Fonts/Supplemental/Arial Narrow Italic.ttf' '/Volumes/Temp/tmp/RtmpZVyEDb/fonts/Arial Narrow Italic' 2>&1
    sh: line 1: 9603 Segmentation fault: 11 '/Volumes/Builds/packages/big-sur-arm64/Rlib/4.1/Rttf2pt1/exec//ttf2pt1' -a -GfAe '/System/Library/Fonts/Supplemental/Arial Narrow.ttf' '/Volumes/Temp/tmp/RtmpZVyEDb/fonts/Arial Narrow' 2>&1
Flavor: r-release-macos-arm64

Version: 0.5.1
Check: S3 generic/method consistency
Result: WARN
    sh: line 1: 10783 Segmentation fault: 11 '/Volumes/Builds/packages/big-sur-arm64/Rlib/4.1/Rttf2pt1/exec//ttf2pt1' -a -GfAe '/System/Library/Fonts/Supplemental/Arial Narrow Bold Italic.ttf' '/Volumes/Temp/tmp/Rtmp3WkaMp/fonts/Arial Narrow Bold Italic' 2>&1
    sh: line 1: 10787 Segmentation fault: 11 '/Volumes/Builds/packages/big-sur-arm64/Rlib/4.1/Rttf2pt1/exec//ttf2pt1' -a -GfAe '/System/Library/Fonts/Supplemental/Arial Narrow Bold.ttf' '/Volumes/Temp/tmp/Rtmp3WkaMp/fonts/Arial Narrow Bold' 2>&1
    sh: line 1: 10793 Segmentation fault: 11 '/Volumes/Builds/packages/big-sur-arm64/Rlib/4.1/Rttf2pt1/exec//ttf2pt1' -a -GfAe '/System/Library/Fonts/Supplemental/Arial Narrow Italic.ttf' '/Volumes/Temp/tmp/Rtmp3WkaMp/fonts/Arial Narrow Italic' 2>&1
    sh: line 1: 10800 Segmentation fault: 11 '/Volumes/Builds/packages/big-sur-arm64/Rlib/4.1/Rttf2pt1/exec//ttf2pt1' -a -GfAe '/System/Library/Fonts/Supplemental/Arial Narrow.ttf' '/Volumes/Temp/tmp/Rtmp3WkaMp/fonts/Arial Narrow' 2>&1
    See section ‘Generic functions and methods’ in the ‘Writing R
    Extensions’ manual.
Flavor: r-release-macos-arm64

Version: 0.5.1
Check: replacement functions
Result: WARN
    sh: line 1: 12207 Segmentation fault: 11 '/Volumes/Builds/packages/big-sur-arm64/Rlib/4.1/Rttf2pt1/exec//ttf2pt1' -a -GfAe '/System/Library/Fonts/Supplemental/Arial Narrow Bold Italic.ttf' '/Volumes/Temp/tmp/Rtmp0t6svw/fonts/Arial Narrow Bold Italic' 2>&1
    sh: line 1: 12213 Segmentation fault: 11 '/Volumes/Builds/packages/big-sur-arm64/Rlib/4.1/Rttf2pt1/exec//ttf2pt1' -a -GfAe '/System/Library/Fonts/Supplemental/Arial Narrow Bold.ttf' '/Volumes/Temp/tmp/Rtmp0t6svw/fonts/Arial Narrow Bold' 2>&1
    sh: line 1: 12217 Segmentation fault: 11 '/Volumes/Builds/packages/big-sur-arm64/Rlib/4.1/Rttf2pt1/exec//ttf2pt1' -a -GfAe '/System/Library/Fonts/Supplemental/Arial Narrow Italic.ttf' '/Volumes/Temp/tmp/Rtmp0t6svw/fonts/Arial Narrow Italic' 2>&1
    sh: line 1: 12224 Segmentation fault: 11 '/Volumes/Builds/packages/big-sur-arm64/Rlib/4.1/Rttf2pt1/exec//ttf2pt1' -a -GfAe '/System/Library/Fonts/Supplemental/Arial Narrow.ttf' '/Volumes/Temp/tmp/Rtmp0t6svw/fonts/Arial Narrow' 2>&1
    The argument of a replacement function which corresponds to the right
    hand side must be named ‘value’.
Flavor: r-release-macos-arm64

Version: 0.5.1
Check: foreign function calls
Result: NOTE
    sh: line 1: 13029 Segmentation fault: 11 '/Volumes/Builds/packages/big-sur-arm64/Rlib/4.1/Rttf2pt1/exec//ttf2pt1' -a -GfAe '/System/Library/Fonts/Supplemental/Arial Narrow Bold Italic.ttf' '/Volumes/Temp/tmp/RtmpvCYNWc/fonts/Arial Narrow Bold Italic' 2>&1
    sh: line 1: 13037 Segmentation fault: 11 '/Volumes/Builds/packages/big-sur-arm64/Rlib/4.1/Rttf2pt1/exec//ttf2pt1' -a -GfAe '/System/Library/Fonts/Supplemental/Arial Narrow Bold.ttf' '/Volumes/Temp/tmp/RtmpvCYNWc/fonts/Arial Narrow Bold' 2>&1
    sh: line 1: 13045 Segmentation fault: 11 '/Volumes/Builds/packages/big-sur-arm64/Rlib/4.1/Rttf2pt1/exec//ttf2pt1' -a -GfAe '/System/Library/Fonts/Supplemental/Arial Narrow Italic.ttf' '/Volumes/Temp/tmp/RtmpvCYNWc/fonts/Arial Narrow Italic' 2>&1
    sh: line 1: 13053 Segmentation fault: 11 '/Volumes/Builds/packages/big-sur-arm64/Rlib/4.1/Rttf2pt1/exec//ttf2pt1' -a -GfAe '/System/Library/Fonts/Supplemental/Arial Narrow.ttf' '/Volumes/Temp/tmp/RtmpvCYNWc/fonts/Arial Narrow' 2>&1
    See chapter ‘System and foreign language interfaces’ in the ‘Writing R
    Extensions’ manual.
Flavor: r-release-macos-arm64

Version: 0.5.1
Check: for missing documentation entries
Result: WARN
    sh: line 1: 19332 Segmentation fault: 11 '/Volumes/Builds/packages/big-sur-arm64/Rlib/4.1/Rttf2pt1/exec//ttf2pt1' -a -GfAe '/System/Library/Fonts/Supplemental/Arial Narrow Bold Italic.ttf' '/Volumes/Temp/tmp/RtmphhUDTr/fonts/Arial Narrow Bold Italic' 2>&1
    sh: line 1: 19336 Segmentation fault: 11 '/Volumes/Builds/packages/big-sur-arm64/Rlib/4.1/Rttf2pt1/exec//ttf2pt1' -a -GfAe '/System/Library/Fonts/Supplemental/Arial Narrow Bold.ttf' '/Volumes/Temp/tmp/RtmphhUDTr/fonts/Arial Narrow Bold' 2>&1
    sh: line 1: 19340 Segmentation fault: 11 '/Volumes/Builds/packages/big-sur-arm64/Rlib/4.1/Rttf2pt1/exec//ttf2pt1' -a -GfAe '/System/Library/Fonts/Supplemental/Arial Narrow Italic.ttf' '/Volumes/Temp/tmp/RtmphhUDTr/fonts/Arial Narrow Italic' 2>&1
    sh: line 1: 19345 Segmentation fault: 11 '/Volumes/Builds/packages/big-sur-arm64/Rlib/4.1/Rttf2pt1/exec//ttf2pt1' -a -GfAe '/System/Library/Fonts/Supplemental/Arial Narrow.ttf' '/Volumes/Temp/tmp/RtmphhUDTr/fonts/Arial Narrow' 2>&1
    All user-level objects in a package should have documentation entries.
    See chapter ‘Writing R documentation files’ in the ‘Writing R
    Extensions’ manual.
Flavor: r-release-macos-arm64

Version: 0.5.1
Check: for code/documentation mismatches
Result: WARN
    sh: line 1: 20114 Segmentation fault: 11 '/Volumes/Builds/packages/big-sur-arm64/Rlib/4.1/Rttf2pt1/exec//ttf2pt1' -a -GfAe '/System/Library/Fonts/Supplemental/Arial Narrow Bold Italic.ttf' '/Volumes/Temp/tmp/RtmpSUq8fQ/fonts/Arial Narrow Bold Italic' 2>&1
    sh: line 1: 20120 Segmentation fault: 11 '/Volumes/Builds/packages/big-sur-arm64/Rlib/4.1/Rttf2pt1/exec//ttf2pt1' -a -GfAe '/System/Library/Fonts/Supplemental/Arial Narrow Bold.ttf' '/Volumes/Temp/tmp/RtmpSUq8fQ/fonts/Arial Narrow Bold' 2>&1
    sh: line 1: 20126 Segmentation fault: 11 '/Volumes/Builds/packages/big-sur-arm64/Rlib/4.1/Rttf2pt1/exec//ttf2pt1' -a -GfAe '/System/Library/Fonts/Supplemental/Arial Narrow Italic.ttf' '/Volumes/Temp/tmp/RtmpSUq8fQ/fonts/Arial Narrow Italic' 2>&1
    sh: line 1: 20136 Segmentation fault: 11 '/Volumes/Builds/packages/big-sur-arm64/Rlib/4.1/Rttf2pt1/exec//ttf2pt1' -a -GfAe '/System/Library/Fonts/Supplemental/Arial Narrow.ttf' '/Volumes/Temp/tmp/RtmpSUq8fQ/fonts/Arial Narrow' 2>&1
    sh: line 1: 21214 Segmentation fault: 11 '/Volumes/Builds/packages/big-sur-arm64/Rlib/4.1/Rttf2pt1/exec//ttf2pt1' -a -GfAe '/System/Library/Fonts/Supplemental/Arial Narrow Bold Italic.ttf' '/Volumes/Temp/tmp/RtmpwvupjU/fonts/Arial Narrow Bold Italic' 2>&1
    sh: line 1: 21223 Segmentation fault: 11 '/Volumes/Builds/packages/big-sur-arm64/Rlib/4.1/Rttf2pt1/exec//ttf2pt1' -a -GfAe '/System/Library/Fonts/Supplemental/Arial Narrow Bold.ttf' '/Volumes/Temp/tmp/RtmpwvupjU/fonts/Arial Narrow Bold' 2>&1
    sh: line 1: 21235 Segmentation fault: 11 '/Volumes/Builds/packages/big-sur-arm64/Rlib/4.1/Rttf2pt1/exec//ttf2pt1' -a -GfAe '/System/Library/Fonts/Supplemental/Arial Narrow Italic.ttf' '/Volumes/Temp/tmp/RtmpwvupjU/fonts/Arial Narrow Italic' 2>&1
    sh: line 1: 21243 Segmentation fault: 11 '/Volumes/Builds/packages/big-sur-arm64/Rlib/4.1/Rttf2pt1/exec//ttf2pt1' -a -GfAe '/System/Library/Fonts/Supplemental/Arial Narrow.ttf' '/Volumes/Temp/tmp/RtmpwvupjU/fonts/Arial Narrow' 2>&1
    sh: line 1: 22412 Segmentation fault: 11 '/Volumes/Builds/packages/big-sur-arm64/Rlib/4.1/Rttf2pt1/exec//ttf2pt1' -a -GfAe '/System/Library/Fonts/Supplemental/Arial Narrow Bold Italic.ttf' '/Volumes/Temp/tmp/RtmpiOhS02/fonts/Arial Narrow Bold Italic' 2>&1
    sh: line 1: 22419 Segmentation fault: 11 '/Volumes/Builds/packages/big-sur-arm64/Rlib/4.1/Rttf2pt1/exec//ttf2pt1' -a -GfAe '/System/Library/Fonts/Supplemental/Arial Narrow Bold.ttf' '/Volumes/Temp/tmp/RtmpiOhS02/fonts/Arial Narrow Bold' 2>&1
    sh: line 1: 22426 Segmentation fault: 11 '/Volumes/Builds/packages/big-sur-arm64/Rlib/4.1/Rttf2pt1/exec//ttf2pt1' -a -GfAe '/System/Library/Fonts/Supplemental/Arial Narrow Italic.ttf' '/Volumes/Temp/tmp/RtmpiOhS02/fonts/Arial Narrow Italic' 2>&1
    sh: line 1: 22434 Segmentation fault: 11 '/Volumes/Builds/packages/big-sur-arm64/Rlib/4.1/Rttf2pt1/exec//ttf2pt1' -a -GfAe '/System/Library/Fonts/Supplemental/Arial Narrow.ttf' '/Volumes/Temp/tmp/RtmpiOhS02/fonts/Arial Narrow' 2>&1
Flavor: r-release-macos-arm64

Version: 0.5.1
Check: Rd \usage sections
Result: NOTE
    sh: line 1: 23396 Segmentation fault: 11 '/Volumes/Builds/packages/big-sur-arm64/Rlib/4.1/Rttf2pt1/exec//ttf2pt1' -a -GfAe '/System/Library/Fonts/Supplemental/Arial Narrow Bold Italic.ttf' '/Volumes/Temp/tmp/RtmpL1UUME/fonts/Arial Narrow Bold Italic' 2>&1
    sh: line 1: 23403 Segmentation fault: 11 '/Volumes/Builds/packages/big-sur-arm64/Rlib/4.1/Rttf2pt1/exec//ttf2pt1' -a -GfAe '/System/Library/Fonts/Supplemental/Arial Narrow Bold.ttf' '/Volumes/Temp/tmp/RtmpL1UUME/fonts/Arial Narrow Bold' 2>&1
    sh: line 1: 23410 Segmentation fault: 11 '/Volumes/Builds/packages/big-sur-arm64/Rlib/4.1/Rttf2pt1/exec//ttf2pt1' -a -GfAe '/System/Library/Fonts/Supplemental/Arial Narrow Italic.ttf' '/Volumes/Temp/tmp/RtmpL1UUME/fonts/Arial Narrow Italic' 2>&1
    sh: line 1: 23417 Segmentation fault: 11 '/Volumes/Builds/packages/big-sur-arm64/Rlib/4.1/Rttf2pt1/exec//ttf2pt1' -a -GfAe '/System/Library/Fonts/Supplemental/Arial Narrow.ttf' '/Volumes/Temp/tmp/RtmpL1UUME/fonts/Arial Narrow' 2>&1
    The \usage entries for S3 methods should use the \method markup and not
    their full name.
    See chapter ‘Writing R documentation files’ in the ‘Writing R
    Extensions’ manual.
Flavor: r-release-macos-arm64