CRAN Package Check Results for Package doMPI

Last updated on 2023-11-29 19:54:04 CET.

Flavor Version Tinstall Tcheck Ttotal Status Flags
r-devel-linux-x86_64-debian-clang 0.2.2 3.84 36.49 40.33 OK
r-devel-linux-x86_64-debian-gcc 0.2.2 3.06 29.18 32.24 OK
r-devel-linux-x86_64-fedora-clang 0.2.2 61.30 OK
r-devel-linux-x86_64-fedora-gcc 0.2.2 69.61 OK
r-devel-windows-x86_64 0.2.2 4.00 58.00 62.00 OK
r-patched-linux-x86_64 0.2.2 4.40 36.08 40.48 OK
r-release-linux-x86_64 0.2.2 3.53 36.25 39.78 OK
r-release-macos-arm64 0.2.2 9.00 ERROR
r-release-macos-x86_64 0.2.2 10.00 ERROR
r-release-windows-x86_64 0.2.2 5.00 55.00 60.00 OK
r-oldrel-macos-arm64 0.2.2 9.00 ERROR
r-oldrel-macos-x86_64 0.2.2 11.00 ERROR
r-oldrel-windows-x86_64 0.2.2 5.00 58.00 63.00 OK

Check Details

Version: 0.2.2
Check: package dependencies
Result: ERROR Package required but not available: ‘Rmpi’ See section ‘The DESCRIPTION file’ in the ‘Writing R Extensions’ manual. Flavors: r-release-macos-arm64, r-release-macos-x86_64, r-oldrel-macos-arm64, r-oldrel-macos-x86_64