CRAN Package Check Results for Package dotprofile

Last updated on 2024-02-22 11:50:33 CET.

Flavor Version Tinstall Tcheck Ttotal Status Flags
r-devel-linux-x86_64-debian-clang 0.0.1 OK
r-devel-linux-x86_64-debian-gcc 0.0.1 1.59 23.79 25.38 OK
r-devel-linux-x86_64-fedora-clang 0.0.1 39.61 NOTE
r-devel-linux-x86_64-fedora-gcc 0.0.1 38.41 NOTE
r-devel-windows-x86_64 0.0.1 3.00 44.00 47.00 OK
r-patched-linux-x86_64 0.0.1 1.96 30.03 31.99 OK
r-release-linux-x86_64 0.0.1 2.12 30.17 32.29 OK
r-release-macos-arm64 0.0.1 18.00 OK
r-release-macos-x86_64 0.0.1 24.00 OK
r-release-windows-x86_64 0.0.1 3.00 46.00 49.00 OK
r-oldrel-macos-arm64 0.0.1 18.00 OK
r-oldrel-windows-x86_64 0.0.1 4.00 51.00 55.00 OK

Check Details

Version: 0.0.1
Check: dependencies in R code
Result: NOTE Namespace in Imports field not imported from: ‘R6’ All declared Imports should be used. Flavors: r-devel-linux-x86_64-fedora-clang, r-devel-linux-x86_64-fedora-gcc