CRAN Package Check Results for Package dots

Last updated on 2023-10-01 01:53:15 CEST.

Flavor Version Tinstall Tcheck Ttotal Status Flags
r-devel-linux-x86_64-debian-clang 0.0.2 6.60 128.19 134.79 OK
r-devel-linux-x86_64-debian-gcc 0.0.2 5.22 93.31 98.53 OK
r-devel-linux-x86_64-fedora-clang 0.0.2 166.18 NOTE
r-devel-linux-x86_64-fedora-gcc 0.0.2 186.42 NOTE
r-devel-windows-x86_64 0.0.2 8.00 114.00 122.00 OK
r-patched-linux-x86_64 0.0.2 4.76 121.02 125.78 OK
r-release-linux-x86_64 0.0.2 7.17 121.47 128.64 OK
r-release-macos-arm64 0.0.2 50.00 OK
r-release-macos-x86_64 0.0.2 94.00 OK
r-release-windows-x86_64 0.0.2 10.00 136.00 146.00 OK
r-oldrel-macos-arm64 0.0.2 51.00 NOTE
r-oldrel-macos-x86_64 0.0.2 72.00 NOTE
r-oldrel-windows-x86_64 0.0.2 11.00 150.00 161.00 OK

Check Details

Version: 0.0.2
Check: data for non-ASCII characters
Result: NOTE
     Note: found 2 marked UTF-8 strings
Flavors: r-devel-linux-x86_64-fedora-clang, r-devel-linux-x86_64-fedora-gcc, r-oldrel-macos-arm64, r-oldrel-macos-x86_64