CRAN Package Check Results for Package downscale

Last updated on 2023-12-07 04:01:50 CET.

Flavor Version Tinstall Tcheck Ttotal Status Flags
r-devel-linux-x86_64-debian-clang 5.0.0 29.26 483.73 512.99 NOTE
r-devel-linux-x86_64-debian-gcc 5.0.0 22.88 351.17 374.05 NOTE
r-devel-linux-x86_64-fedora-clang 5.0.0 616.70 OK
r-devel-linux-x86_64-fedora-gcc 5.0.0 609.72 OK
r-devel-windows-x86_64 5.0.0 24.00 294.00 318.00 OK
r-patched-linux-x86_64 5.0.0 27.01 455.92 482.93 OK
r-release-linux-x86_64 5.0.0 30.22 452.52 482.74 OK
r-release-macos-arm64 5.0.0 141.00 OK
r-release-macos-x86_64 5.0.0 287.00 OK
r-release-windows-x86_64 5.0.0 30.00 397.00 427.00 OK
r-oldrel-macos-arm64 5.0.0 132.00 OK
r-oldrel-macos-x86_64 5.0.0 205.00 OK
r-oldrel-windows-x86_64 5.0.0 32.00 395.00 427.00 OK

Check Details

Version: 5.0.0
Check: Rd files
Result: NOTE checkRd: (-1) downscale.Rd:9: Lost braces; missing escapes or markup? 9 | \item{occupancies}{Either a data frame containing two columns or an object of class \code{"upgrain"} from the \code{\link{upgrain}} function. If using a data frame the first column must be the grain sizes (cell area in squared units e.g. km^{2}). The second column is the proportion of occupancies at each grain size.} | ^ checkRd: (-1) ensemble.downscale.Rd:13: Lost braces; missing escapes or markup? 13 | \item{new.areas}{vector of grain sizes (in squared units e.g. km^{2}) for which area of occupancy will be predicted.} | ^ checkRd: (-1) hui.downscale.Rd:13: Lost braces; missing escapes or markup? 13 | \item{new.areas}{vector of grain sizes as cell area (in same units as cell.width but squared e.g. km^{2}) at fine scales for model prediction.} | ^ checkRd: (-1) predict.downscale.Rd:10: Lost braces; missing escapes or markup? 10 | \item{new.areas}{vector of grain sizes (in squared units e.g. km^{2}) for which area of occupancy will be predicted.} | ^ Flavors: r-devel-linux-x86_64-debian-clang, r-devel-linux-x86_64-debian-gcc