CRAN Package Check Results for Package dpmixsim

Last updated on 2019-10-15 20:48:43 CEST.

Flavor Version Tinstall Tcheck Ttotal Status Flags
r-devel-linux-x86_64-debian-clang 0.0-9 8.05 36.36 44.41 OK
r-devel-linux-x86_64-debian-gcc 0.0-9 6.27 29.03 35.30 OK
r-devel-linux-x86_64-fedora-clang 0.0-9 56.87 WARN
r-devel-linux-x86_64-fedora-gcc 0.0-9 53.40 OK
r-devel-windows-ix86+x86_64 0.0-9 19.00 107.00 126.00 OK
r-patched-linux-x86_64 0.0-9 6.49 35.42 41.91 OK
r-patched-solaris-x86 0.0-9 81.00 OK
r-release-linux-x86_64 0.0-9 6.61 35.82 42.43 OK
r-release-windows-ix86+x86_64 0.0-9 27.00 69.00 96.00 OK
r-release-osx-x86_64 0.0-9 OK
r-oldrel-windows-ix86+x86_64 0.0-9 14.00 64.00 78.00 OK
r-oldrel-osx-x86_64 0.0-9 OK

Check Details

Version: 0.0-9
Check: whether package can be installed
Result: WARN
    Found the following significant warnings:
     gibbsclustersamplealpha.cc:176:35: warning: 'bind2nd<std::__1::greater<double>, double>' is deprecated [-Wdeprecated-declarations]
Flavor: r-devel-linux-x86_64-fedora-clang