Last updated on 2023-12-02 11:49:24 CET.
Flavor | Version | Tinstall | Tcheck | Ttotal | Status | Flags |
---|---|---|---|---|---|---|
r-devel-linux-x86_64-debian-clang | 3.0-1 | 21.51 | 189.73 | 211.24 | NOTE | |
r-devel-linux-x86_64-debian-gcc | 3.0-1 | 18.37 | 139.79 | 158.16 | NOTE | |
r-devel-linux-x86_64-fedora-clang | 3.0-1 | 271.44 | NOTE | |||
r-devel-linux-x86_64-fedora-gcc | 3.0-1 | 269.64 | NOTE | |||
r-devel-windows-x86_64 | 3.0-1 | 22.00 | 168.00 | 190.00 | NOTE | |
r-patched-linux-x86_64 | 3.0-1 | 25.02 | 183.29 | 208.31 | NOTE | |
r-release-linux-x86_64 | 3.0-1 | 17.10 | 183.65 | 200.75 | NOTE | |
r-release-macos-arm64 | 3.0-1 | 74.00 | NOTE | |||
r-release-macos-x86_64 | 3.0-1 | 120.00 | NOTE | |||
r-release-windows-x86_64 | 3.0-1 | 28.00 | 207.00 | 235.00 | NOTE | |
r-oldrel-macos-arm64 | 3.0-1 | 62.00 | OK | |||
r-oldrel-macos-x86_64 | 3.0-1 | 113.00 | OK | |||
r-oldrel-windows-x86_64 | 3.0-1 | 28.00 | 209.00 | 237.00 | OK |
Version: 3.0-1
Check: Rd files
Result: NOTE
checkRd: (-1) EDcomp.Rd:88: Escaped LaTeX specials: \&
checkRd: (-1) LL.4.Rd:44: Escaped LaTeX specials: \&
checkRd: (-1) W4.Rd:37: Escaped LaTeX specials: \&
checkRd: (-1) algae.Rd:32: Escaped LaTeX specials: \&
checkRd: (-1) anova.drc.Rd:40: Escaped LaTeX specials: \&
checkRd: (-1) deguelin.Rd:33: Escaped LaTeX specials: \&
checkRd: (-1) gompertz.Rd:55: Escaped LaTeX specials: \&
checkRd: (-1) hatvalues.drc.Rd:43: Lost braces
43 | emph{Generalized Linear Models},
| ^
checkRd: (-1) hatvalues.drc.Rd:44: Escaped LaTeX specials: \&
checkRd: (-1) llogistic.Rd:64: Escaped LaTeX specials: \&
checkRd: (-1) modelFit.Rd:36: Escaped LaTeX specials: \&
checkRd: (-1) weibull1.Rd:67: Escaped LaTeX specials: \&
Flavors: r-devel-linux-x86_64-debian-clang, r-devel-linux-x86_64-debian-gcc
Version: 3.0-1
Check: Rd files
Result: NOTE
checkRd: (-1) EDcomp.Rd:88: Escaped LaTeX specials: \&
checkRd: (-1) LL.4.Rd:44: Escaped LaTeX specials: \&
checkRd: (-1) W4.Rd:37: Escaped LaTeX specials: \&
checkRd: (-1) algae.Rd:32: Escaped LaTeX specials: \&
checkRd: (-1) anova.drc.Rd:40: Escaped LaTeX specials: \&
checkRd: (-1) deguelin.Rd:33: Escaped LaTeX specials: \&
checkRd: (-1) gompertz.Rd:55: Escaped LaTeX specials: \&
checkRd: (-1) hatvalues.drc.Rd:44: Escaped LaTeX specials: \&
checkRd: (-1) llogistic.Rd:64: Escaped LaTeX specials: \&
checkRd: (-1) modelFit.Rd:36: Escaped LaTeX specials: \&
checkRd: (-1) weibull1.Rd:67: Escaped LaTeX specials: \&
Flavors: r-devel-linux-x86_64-fedora-clang, r-devel-linux-x86_64-fedora-gcc, r-devel-windows-x86_64, r-patched-linux-x86_64, r-release-linux-x86_64, r-release-macos-arm64, r-release-macos-x86_64, r-release-windows-x86_64