CRAN Package Check Results for Package drhur

Last updated on 2021-11-27 11:52:42 CET.

Flavor Version Tinstall Tcheck Ttotal Status Flags
r-devel-linux-x86_64-debian-clang 0.1.0 NOTE
r-devel-linux-x86_64-debian-gcc 0.1.0 3.70 29.30 33.00 NOTE
r-devel-linux-x86_64-fedora-clang 0.1.0 64.45 NOTE
r-devel-linux-x86_64-fedora-gcc 0.1.0 49.79 NOTE
r-devel-windows-x86_64-new-UL 0.1.0 17.00 83.00 100.00 NOTE
r-devel-windows-x86_64-new-TK 0.1.0 NOTE
r-devel-windows-x86_64-old 0.1.0 10.00 58.00 68.00 NOTE
r-patched-linux-x86_64 0.1.0 4.67 36.17 40.84 NOTE
r-patched-solaris-x86 0.1.0 78.50 NOTE
r-release-linux-x86_64 0.1.0 NOTE
r-release-macos-arm64 0.1.0 NOTE
r-release-macos-x86_64 0.1.0 NOTE
r-release-windows-ix86+x86_64 0.1.0 14.00 48.00 62.00 NOTE
r-oldrel-macos-x86_64 0.1.0 NOTE
r-oldrel-windows-ix86+x86_64 0.1.0 16.00 60.00 76.00 OK

Check Details

Version: 0.1.0
Check: LazyData
Result: NOTE
     'LazyData' is specified without a 'data' directory
Flavors: r-devel-linux-x86_64-debian-clang, r-devel-linux-x86_64-debian-gcc, r-devel-linux-x86_64-fedora-clang, r-devel-linux-x86_64-fedora-gcc, r-devel-windows-x86_64-new-UL, r-devel-windows-x86_64-new-TK, r-devel-windows-x86_64-old, r-patched-linux-x86_64, r-patched-solaris-x86, r-release-linux-x86_64, r-release-macos-arm64, r-release-macos-x86_64, r-release-windows-ix86+x86_64

Version: 0.1.0
Check: dependencies in R code
Result: NOTE
    Namespaces in Imports field not imported from:
     ‘arm’ ‘car’ ‘dotwhisker’ ‘gapminder’ ‘ggeffects’ ‘ggthemes’ ‘gt’
     ‘interplot’ ‘kableExtra’ ‘knitr’ ‘likert’ ‘modelsummary’ ‘moments’
     ‘nnet’ ‘ordinal’ ‘performance’ ‘scales’ ‘summarytools’ ‘tibble’
     ‘tidyverse’
     All declared Imports should be used.
Flavors: r-devel-linux-x86_64-fedora-clang, r-devel-linux-x86_64-fedora-gcc, r-devel-windows-x86_64-new-TK, r-patched-solaris-x86, r-release-macos-arm64, r-release-macos-x86_64, r-oldrel-macos-x86_64