Last updated on 2023-09-25 01:03:33 CEST.
Flavor | Version | Tinstall | Tcheck | Ttotal | Status | Flags |
---|---|---|---|---|---|---|
r-devel-linux-x86_64-debian-clang | 2.0.2 | 311.55 | 57.29 | 368.84 | OK | |
r-devel-linux-x86_64-debian-gcc | 2.0.2 | 306.72 | 49.52 | 356.24 | OK | |
r-devel-linux-x86_64-fedora-clang | 2.0.2 | 472.14 | OK | |||
r-devel-linux-x86_64-fedora-gcc | 2.0.2 | 675.70 | OK | |||
r-devel-windows-x86_64 | 2.0.2 | 204.00 | 105.00 | 309.00 | OK | |
r-patched-linux-x86_64 | 2.0.2 | 262.84 | 54.35 | 317.19 | WARN | |
r-release-linux-x86_64 | 2.0.2 | 0.01 | 1.88 | 1.89 | ERROR | |
r-release-macos-arm64 | 2.0.2 | 123.00 | NOTE | |||
r-release-macos-x86_64 | 2.0.2 | 160.00 | NOTE | |||
r-release-windows-x86_64 | 2.0.2 | 291.00 | 117.00 | 408.00 | OK | |
r-oldrel-macos-arm64 | 2.0.2 | 144.00 | ERROR | |||
r-oldrel-macos-x86_64 | 2.0.2 | 195.00 | ERROR | |||
r-oldrel-windows-x86_64 | 2.0.2 | 278.00 | 99.00 | 377.00 | OK |
Version: 2.0.2
Check: whether package can be installed
Result: WARN
Found the following significant warnings:
/usr/include/x86_64-linux-gnu/bits/string_fortified.h:59:33: warning: ‘void* __builtin_memset(void*, int, long unsigned int)’ forming offset [112, 115] is out of the bounds [0, 112] of object ‘i_end’ with type ‘arma::uvec’ {aka ‘arma::Col<unsigned int>’} [-Warray-bounds]
See ‘/home/hornik/tmp/R.check/r-patched-gcc/Work/PKGS/dsfa.Rcheck/00install.out’ for details.
* used C++ compiler: ‘g++-12 (Debian 12.3.0-9) 12.3.0’
Flavor: r-patched-linux-x86_64
Version: 2.0.2
Check: whether package can be installed
Result: ERROR
Installation failed.
Flavor: r-release-linux-x86_64
Version: 2.0.2
Check: installed package size
Result: NOTE
installed size is 65.8Mb
sub-directories of 1Mb or more:
data 1.3Mb
libs 64.2Mb
Flavors: r-release-macos-arm64, r-release-macos-x86_64, r-oldrel-macos-arm64, r-oldrel-macos-x86_64
Version: 2.0.2
Check: PDF version of manual
Result: WARN
LaTeX errors when creating PDF version.
This typically indicates Rd problems.
LaTeX errors found:
! Undefined control sequence.
<argument> f:\mathbb
{R}^K -> \mathbb {R}^L, (x_{n1},x_{n2},...,x_{nK}) -> f...
l.2519 ..._{nK}) -> f(x_{n1},x_{n2},...,x_{nK})}{}
be differentiable up to o...
! Undefined control sequence.
<argument> f:\mathbb {R}^K -> \mathbb
{R}^L, (x_{n1},x_{n2},...,x_{nK}) -> f...
l.2519 ..._{nK}) -> f(x_{n1},x_{n2},...,x_{nK})}{}
be differentiable up to o...
Flavors: r-oldrel-macos-arm64, r-oldrel-macos-x86_64
Version: 2.0.2
Check: PDF version of manual without index
Result: ERROR
Flavors: r-oldrel-macos-arm64, r-oldrel-macos-x86_64