CRAN Package Check Results for Package dtplyr

Last updated on 2021-12-09 07:50:10 CET.

Flavor Version Tinstall Tcheck Ttotal Status Flags
r-devel-linux-x86_64-debian-clang 1.2.0 7.79 94.69 102.48 OK
r-devel-linux-x86_64-debian-gcc 1.2.0 5.79 69.65 75.44 OK
r-devel-linux-x86_64-fedora-clang 1.2.0 130.45 OK
r-devel-linux-x86_64-fedora-gcc 1.2.0 116.08 OK
r-devel-windows-x86_64-new-UL 1.2.0 20.00 135.00 155.00 OK
r-devel-windows-x86_64-new-TK 1.2.0 OK
r-devel-windows-x86_64-old 1.1.0 12.00 96.00 108.00 NOTE
r-patched-linux-x86_64 1.2.0 10.93 88.13 99.06 OK
r-release-linux-x86_64 1.2.0 8.13 89.20 97.33 OK
r-release-macos-arm64 1.2.0 OK
r-release-macos-x86_64 1.2.0 OK
r-release-windows-ix86+x86_64 1.2.0 18.00 103.00 121.00 OK
r-oldrel-macos-x86_64 1.2.0 OK
r-oldrel-windows-ix86+x86_64 1.2.0 16.00 99.00 115.00 OK

Check Details

Version: 1.1.0
Check: LazyData
Result: NOTE
     'LazyData' is specified without a 'data' directory
Flavor: r-devel-windows-x86_64-old