Last updated on 2023-05-31 13:00:41 CEST.
Flavor | Version | Tinstall | Tcheck | Ttotal | Status | Flags |
---|---|---|---|---|---|---|
r-devel-linux-x86_64-debian-clang | 0.4.0 | 9.58 | 212.37 | 221.95 | OK | |
r-devel-linux-x86_64-debian-gcc | 0.4.0 | 8.18 | 163.78 | 171.96 | OK | |
r-devel-linux-x86_64-fedora-clang | 0.4.0 | 272.18 | NOTE | |||
r-devel-linux-x86_64-fedora-gcc | 0.4.0 | 279.13 | OK | |||
r-devel-windows-x86_64 | 0.4.0 | 12.00 | 200.00 | 212.00 | OK | |
r-patched-linux-x86_64 | 0.4.0 | 10.57 | 206.59 | 217.16 | OK | |
r-release-linux-x86_64 | 0.4.0 | 8.41 | 205.35 | 213.76 | OK | |
r-release-macos-arm64 | 0.4.0 | 92.00 | OK | |||
r-release-macos-x86_64 | 0.4.0 | 152.00 | OK | |||
r-release-windows-x86_64 | 0.4.0 | 14.00 | 265.00 | 279.00 | OK | |
r-oldrel-macos-arm64 | 0.4.0 | 65.00 | OK | |||
r-oldrel-macos-x86_64 | 0.4.0 | 107.00 | OK | |||
r-oldrel-windows-x86_64 | 0.4.0 | 14.00 | 235.00 | 249.00 | OK |
Version: 0.4.0
Check: Rd cross-references
Result: NOTE
Undeclared package ‘vctrs’ in Rd xrefs
Flavor: r-devel-linux-x86_64-fedora-clang